Last updated on 2024-07-01 03:49:21 CEST.
Flavor | Version | Tinstall | Tcheck | Ttotal | Status | Flags |
---|---|---|---|---|---|---|
r-devel-linux-x86_64-debian-clang | 0.1.0 | 4.04 | 184.52 | 188.56 | NOTE | |
r-devel-linux-x86_64-debian-gcc | 0.1.0 | 3.72 | 127.25 | 130.97 | NOTE | |
r-devel-linux-x86_64-fedora-clang | 0.1.0 | 222.20 | NOTE | |||
r-devel-linux-x86_64-fedora-gcc | 0.1.0 | 206.74 | NOTE | |||
r-devel-windows-x86_64 | 0.1.0 | 6.00 | 126.00 | 132.00 | NOTE | |
r-patched-linux-x86_64 | 0.1.0 | 5.09 | 172.73 | 177.82 | NOTE | |
r-release-linux-x86_64 | 0.1.0 | 5.08 | 175.57 | 180.65 | NOTE | |
r-release-macos-arm64 | 0.1.0 | 59.00 | NOTE | |||
r-release-macos-x86_64 | 0.1.0 | 98.00 | NOTE | |||
r-release-windows-x86_64 | 0.1.0 | 5.00 | 130.00 | 135.00 | NOTE | |
r-oldrel-macos-arm64 | 0.1.0 | 63.00 | NOTE | |||
r-oldrel-macos-x86_64 | 0.1.0 | 103.00 | NOTE | |||
r-oldrel-windows-x86_64 | 0.1.0 | 7.00 | 165.00 | 172.00 | NOTE |
Version: 0.1.0
Check: LazyData
Result: NOTE
'LazyData' is specified without a 'data' directory
Flavors: r-devel-linux-x86_64-debian-clang, r-devel-linux-x86_64-debian-gcc, r-devel-linux-x86_64-fedora-clang, r-devel-linux-x86_64-fedora-gcc, r-devel-windows-x86_64, r-patched-linux-x86_64, r-release-linux-x86_64, r-release-macos-arm64, r-release-macos-x86_64, r-release-windows-x86_64, r-oldrel-macos-arm64, r-oldrel-macos-x86_64, r-oldrel-windows-x86_64