Last updated on 2024-07-01 03:49:21 CEST.
Flavor | Version | Tinstall | Tcheck | Ttotal | Status | Flags |
---|---|---|---|---|---|---|
r-devel-linux-x86_64-debian-clang | 0.7.5 | 29.87 | 179.63 | 209.50 | OK | |
r-devel-linux-x86_64-debian-gcc | 0.7.5 | 20.56 | 124.85 | 145.41 | OK | |
r-devel-linux-x86_64-fedora-clang | 0.7.5 | 269.97 | WARN | |||
r-devel-linux-x86_64-fedora-gcc | 0.7.5 | 248.91 | WARN | |||
r-devel-windows-x86_64 | 0.7.5 | 18.00 | 134.00 | 152.00 | OK | |
r-patched-linux-x86_64 | 0.7.5 | 31.27 | 166.31 | 197.58 | OK | |
r-release-linux-x86_64 | 0.7.5 | 29.45 | 159.19 | 188.64 | OK | |
r-release-macos-arm64 | 0.7.5 | 111.00 | OK | |||
r-release-macos-x86_64 | 0.7.5 | 136.00 | OK | |||
r-release-windows-x86_64 | 0.7.5 | 17.00 | 129.00 | 146.00 | OK | |
r-oldrel-macos-arm64 | 0.7.5 | 70.00 | OK | |||
r-oldrel-macos-x86_64 | 0.7.5 | 231.00 | OK | |||
r-oldrel-windows-x86_64 | 0.7.5 | 23.00 | 193.00 | 216.00 | OK |
Version: 0.7.5
Check: package dependencies
Result: WARN
Requires orphaned package: ‘pamr’
Flavors: r-devel-linux-x86_64-fedora-clang, r-devel-linux-x86_64-fedora-gcc