Last updated on 2024-07-01 03:49:21 CEST.
Flavor | Version | Tinstall | Tcheck | Ttotal | Status | Flags |
---|---|---|---|---|---|---|
r-devel-linux-x86_64-debian-clang | 0.1.0 | 15.74 | 281.97 | 297.71 | OK | |
r-devel-linux-x86_64-debian-gcc | 0.1.0 | 13.06 | 213.42 | 226.48 | OK | |
r-devel-linux-x86_64-fedora-clang | 0.1.0 | 357.77 | OK | |||
r-devel-linux-x86_64-fedora-gcc | 0.1.0 | 353.54 | OK | |||
r-devel-windows-x86_64 | 0.1.0 | 13.00 | 237.00 | 250.00 | OK | |
r-patched-linux-x86_64 | 0.1.0 | 14.40 | 269.24 | 283.64 | OK | |
r-release-linux-x86_64 | 0.1.0 | 9.42 | 279.28 | 288.70 | OK | |
r-release-macos-arm64 | 0.1.0 | 107.00 | OK | |||
r-release-macos-x86_64 | 0.1.0 | 171.00 | NOTE | |||
r-release-windows-x86_64 | 0.1.0 | 14.00 | 236.00 | 250.00 | OK | |
r-oldrel-macos-arm64 | 0.1.0 | 103.00 | NOTE | |||
r-oldrel-macos-x86_64 | 0.1.0 | 174.00 | NOTE | |||
r-oldrel-windows-x86_64 | 0.1.0 | 21.00 | 320.00 | 341.00 | OK |
Version: 0.1.0
Check: installed package size
Result: NOTE
installed size is 5.1Mb
sub-directories of 1Mb or more:
data 3.1Mb
doc 1.3Mb
Flavors: r-release-macos-x86_64, r-oldrel-macos-arm64, r-oldrel-macos-x86_64