Last updated on 2024-07-01 03:49:21 CEST.
Flavor | Version | Tinstall | Tcheck | Ttotal | Status | Flags |
---|---|---|---|---|---|---|
r-devel-linux-x86_64-debian-clang | 1.5-3 | 11.44 | 101.15 | 112.59 | NOTE | |
r-devel-linux-x86_64-debian-gcc | 1.5-3 | 8.17 | 72.63 | 80.80 | NOTE | |
r-devel-linux-x86_64-fedora-clang | 1.5-3 | 140.61 | NOTE | |||
r-devel-linux-x86_64-fedora-gcc | 1.5-3 | 144.78 | NOTE | |||
r-devel-windows-x86_64 | 1.5-3 | 11.00 | 116.00 | 127.00 | NOTE | |
r-patched-linux-x86_64 | 1.5-3 | 13.74 | 98.93 | 112.67 | NOTE | |
r-release-linux-x86_64 | 1.5-3 | 9.47 | 94.68 | 104.15 | NOTE | |
r-release-macos-arm64 | 1.5-3 | 43.00 | NOTE | |||
r-release-macos-x86_64 | 1.5-3 | 75.00 | NOTE | |||
r-release-windows-x86_64 | 1.5-3 | 12.00 | 120.00 | 132.00 | NOTE | |
r-oldrel-macos-arm64 | 1.5-3 | 49.00 | NOTE | |||
r-oldrel-macos-x86_64 | 1.5-3 | 79.00 | NOTE | |||
r-oldrel-windows-x86_64 | 1.5-3 | 15.00 | 175.00 | 190.00 | NOTE |
Version: 1.5-3
Check: R code for possible problems
Result: NOTE
efpFunctional: multiple local function definitions for ‘plotProcess’
with different formal arguments
mefp.efp: multiple local function definitions for ‘computeEmpProc’ with
different formal arguments
Flavors: r-devel-linux-x86_64-debian-clang, r-devel-linux-x86_64-debian-gcc, r-devel-linux-x86_64-fedora-clang, r-devel-linux-x86_64-fedora-gcc, r-devel-windows-x86_64, r-patched-linux-x86_64, r-release-linux-x86_64, r-release-macos-arm64, r-release-macos-x86_64, r-release-windows-x86_64, r-oldrel-macos-arm64, r-oldrel-macos-x86_64, r-oldrel-windows-x86_64