Last updated on 2024-07-01 03:49:21 CEST.
Flavor | Version | Tinstall | Tcheck | Ttotal | Status | Flags |
---|---|---|---|---|---|---|
r-devel-linux-x86_64-debian-clang | 1.1.2 | 61.02 | 105.16 | 166.18 | NOTE | |
r-devel-linux-x86_64-debian-gcc | 1.1.2 | 40.76 | 73.65 | 114.41 | NOTE | |
r-devel-linux-x86_64-fedora-clang | 1.1.2 | 231.79 | NOTE | |||
r-devel-linux-x86_64-fedora-gcc | 1.1.2 | 242.17 | NOTE | |||
r-devel-windows-x86_64 | 1.1.2 | 48.00 | 121.00 | 169.00 | NOTE | |
r-patched-linux-x86_64 | 1.1.2 | 54.65 | 96.71 | 151.36 | OK | |
r-release-linux-x86_64 | 1.1.2 | 50.05 | 98.39 | 148.44 | OK | |
r-release-macos-arm64 | 1.1.2 | 90.00 | NOTE | |||
r-release-macos-x86_64 | 1.1.2 | 92.00 | NOTE | |||
r-release-windows-x86_64 | 1.1.2 | 47.00 | 120.00 | 167.00 | NOTE | |
r-oldrel-macos-arm64 | 1.1.2 | 82.00 | NOTE | |||
r-oldrel-macos-x86_64 | 1.1.2 | 175.00 | NOTE | |||
r-oldrel-windows-x86_64 | 1.1.2 | 45.00 | 184.00 | 229.00 | NOTE |
Version: 1.1.2
Check: compiled code
Result: NOTE
File ‘stringmagic/libs/stringmagic.so’:
Found non-API call to R: ‘STRING_PTR’
Compiled code should not call non-API entry points in R.
See ‘Writing portable packages’ in the ‘Writing R Extensions’ manual.
See section ‘Moving into C API compliance’ in the ‘Writing R
Extensions’ manual for issues with use of non-API entry points.
Flavors: r-devel-linux-x86_64-debian-clang, r-devel-linux-x86_64-debian-gcc
Version: 1.1.2
Check: installed package size
Result: NOTE
installed size is 8.2Mb
sub-directories of 1Mb or more:
doc 7.2Mb
Flavors: r-devel-linux-x86_64-fedora-clang, r-devel-windows-x86_64, r-release-macos-arm64, r-release-macos-x86_64, r-release-windows-x86_64, r-oldrel-macos-arm64, r-oldrel-macos-x86_64, r-oldrel-windows-x86_64
Version: 1.1.2
Check: compiled code
Result: NOTE
File ‘stringmagic/libs/stringmagic.so’:
Found non-API call to R: ‘STRING_PTR’
Compiled code should not call non-API entry points in R.
See ‘Writing portable packages’ in the ‘Writing R Extensions’ manual,
and section ‘Moving into C API compliance’ for issues with the use of
non-API entry points.
Flavor: r-devel-linux-x86_64-fedora-clang
Version: 1.1.2
Check: compiled code
Result: NOTE
File ‘stringmagic/libs/stringmagic.so’:
Found non-API call to R: ‘STRING_PTR’
Compiled code should not call non-API entry points in R.
See ‘Writing portable packages’ in the ‘Writing R Extensions’ manual.
Flavor: r-devel-linux-x86_64-fedora-gcc
Version: 1.1.2
Check: compiled code
Result: NOTE
File 'stringmagic/libs/x64/stringmagic.dll':
Found non-API call to R: 'STRING_PTR'
Compiled code should not call non-API entry points in R.
See 'Writing portable packages' in the 'Writing R Extensions' manual.
See section 'Moving into C API compliance' in the 'Writing R
Extensions' manual for issues with use of non-API entry points.
Flavor: r-devel-windows-x86_64