Last updated on 2024-07-02 15:50:53 CEST.
Flavor | Version | Tinstall | Tcheck | Ttotal | Status | Flags |
---|---|---|---|---|---|---|
r-devel-linux-x86_64-debian-clang | 0.1.1 | 5.68 | 49.33 | 55.01 | OK | |
r-devel-linux-x86_64-debian-gcc | 0.1.1 | 4.84 | 37.57 | 42.41 | OK | |
r-devel-linux-x86_64-fedora-clang | 0.1.1 | 68.93 | NOTE | |||
r-devel-linux-x86_64-fedora-gcc | 0.1.1 | 66.47 | NOTE | |||
r-devel-windows-x86_64 | 0.1.1 | 7.00 | 58.00 | 65.00 | OK | |
r-patched-linux-x86_64 | 0.1.1 | 5.58 | 47.60 | 53.18 | OK | |
r-release-linux-x86_64 | 0.1.1 | 5.89 | 47.68 | 53.57 | OK | |
r-release-macos-arm64 | 0.1.1 | 24.00 | OK | |||
r-release-macos-x86_64 | 0.1.1 | 40.00 | OK | |||
r-release-windows-x86_64 | 0.1.1 | 7.00 | 59.00 | 66.00 | OK | |
r-oldrel-macos-arm64 | 0.1.1 | 25.00 | OK | |||
r-oldrel-macos-x86_64 | 0.1.1 | 40.00 | NOTE | |||
r-oldrel-windows-x86_64 | 0.1.1 | 8.00 | 66.00 | 74.00 | OK |
Version: 0.1.1
Check: dependencies in R code
Result: NOTE
Namespace in Imports field not imported from: ‘ks’
All declared Imports should be used.
Flavors: r-devel-linux-x86_64-fedora-clang, r-devel-linux-x86_64-fedora-gcc
Version: 0.1.1
Check: Rd cross-references
Result: NOTE
Undeclared package ‘HDoutliers’ in Rd xrefs
Flavor: r-devel-linux-x86_64-fedora-clang
Version: 0.1.1
Check: Rd cross-references
Result: NOTE
Package unavailable to check Rd xrefs: ‘HDoutliers’
Flavor: r-oldrel-macos-x86_64