Last updated on 2024-07-01 03:49:20 CEST.
Flavor | Version | Tinstall | Tcheck | Ttotal | Status | Flags |
---|---|---|---|---|---|---|
r-devel-linux-x86_64-debian-clang | 1.1.2 | 17.21 | 157.21 | 174.42 | OK | |
r-devel-linux-x86_64-debian-gcc | 1.1.2 | 12.44 | 115.07 | 127.51 | OK | |
r-devel-linux-x86_64-fedora-clang | 1.1.2 | 216.32 | NOTE | |||
r-devel-linux-x86_64-fedora-gcc | 1.1.2 | 217.24 | OK | |||
r-devel-windows-x86_64 | 1.1.2 | 15.00 | 130.00 | 145.00 | NOTE | |
r-patched-linux-x86_64 | 1.1.2 | 15.06 | 150.99 | 166.05 | OK | |
r-release-linux-x86_64 | 1.1.2 | 9.82 | 150.12 | 159.94 | OK | |
r-release-macos-arm64 | 1.1.2 | 67.00 | NOTE | |||
r-release-macos-x86_64 | 1.1.2 | 107.00 | NOTE | |||
r-release-windows-x86_64 | 1.1.2 | 15.00 | 132.00 | 147.00 | NOTE | |
r-oldrel-macos-arm64 | 1.1.2 | 68.00 | NOTE | |||
r-oldrel-macos-x86_64 | 1.1.2 | 107.00 | NOTE | |||
r-oldrel-windows-x86_64 | 1.1.2 | 19.00 | 166.00 | 185.00 | NOTE |
Version: 1.1.2
Check: installed package size
Result: NOTE
installed size is 6.8Mb
sub-directories of 1Mb or more:
data 6.3Mb
Flavors: r-devel-linux-x86_64-fedora-clang, r-devel-windows-x86_64, r-release-macos-arm64, r-release-macos-x86_64, r-release-windows-x86_64, r-oldrel-macos-arm64, r-oldrel-macos-x86_64, r-oldrel-windows-x86_64