Last updated on 2024-07-01 03:49:20 CEST.
Flavor | Version | Tinstall | Tcheck | Ttotal | Status | Flags |
---|---|---|---|---|---|---|
r-devel-linux-x86_64-debian-clang | 3.4.1 | 9.92 | 90.33 | 100.25 | NOTE | |
r-devel-linux-x86_64-debian-gcc | 3.4.1 | 9.60 | 66.26 | 75.86 | NOTE | |
r-devel-linux-x86_64-fedora-clang | 3.4.1 | 130.20 | NOTE | |||
r-devel-linux-x86_64-fedora-gcc | 3.4.1 | 119.53 | NOTE | |||
r-devel-windows-x86_64 | 3.4.1 | 10.00 | 81.00 | 91.00 | NOTE | |
r-patched-linux-x86_64 | 3.4.1 | 13.01 | 84.87 | 97.88 | NOTE | |
r-release-linux-x86_64 | 3.4.1 | 12.07 | 84.25 | 96.32 | NOTE | |
r-release-macos-arm64 | 3.4.1 | 38.00 | NOTE | |||
r-release-macos-x86_64 | 3.4.1 | 53.00 | NOTE | |||
r-release-windows-x86_64 | 3.4.1 | 10.00 | 82.00 | 92.00 | NOTE | |
r-oldrel-macos-arm64 | 3.4.1 | 39.00 | NOTE | |||
r-oldrel-macos-x86_64 | 3.4.1 | 63.00 | NOTE | |||
r-oldrel-windows-x86_64 | 3.4.1 | 13.00 | 107.00 | 120.00 | NOTE |
Version: 3.4.1
Check: Rd files
Result: NOTE
checkRd: (-1) stdGlm.Rd:93: Escaped LaTeX specials: \&
Flavors: r-devel-linux-x86_64-debian-clang, r-devel-linux-x86_64-debian-gcc, r-devel-linux-x86_64-fedora-clang, r-devel-linux-x86_64-fedora-gcc, r-devel-windows-x86_64, r-patched-linux-x86_64, r-release-linux-x86_64, r-release-macos-arm64, r-release-macos-x86_64, r-release-windows-x86_64, r-oldrel-macos-arm64, r-oldrel-macos-x86_64, r-oldrel-windows-x86_64