Last updated on 2024-07-01 03:49:20 CEST.
Flavor | Version | Tinstall | Tcheck | Ttotal | Status | Flags |
---|---|---|---|---|---|---|
r-devel-linux-x86_64-debian-clang | 0.7.3 | 6.07 | 83.08 | 89.15 | OK | |
r-devel-linux-x86_64-debian-gcc | 0.7.3 | 4.31 | 64.68 | 68.99 | OK | |
r-devel-linux-x86_64-fedora-clang | 0.7.3 | 111.83 | NOTE | |||
r-devel-linux-x86_64-fedora-gcc | 0.7.3 | 120.33 | NOTE | |||
r-devel-windows-x86_64 | 0.7.3 | 7.00 | 92.00 | 99.00 | OK | |
r-patched-linux-x86_64 | 0.7.3 | 3.71 | 78.69 | 82.40 | OK | |
r-release-linux-x86_64 | 0.7.3 | 3.30 | 78.14 | 81.44 | OK | |
r-release-macos-arm64 | 0.7.3 | 53.00 | OK | |||
r-release-macos-x86_64 | 0.7.3 | 73.00 | OK | |||
r-release-windows-x86_64 | 0.7.3 | 6.00 | 91.00 | 97.00 | OK | |
r-oldrel-macos-arm64 | 0.7.3 | 59.00 | OK | |||
r-oldrel-macos-x86_64 | 0.7.3 | 112.00 | OK | |||
r-oldrel-windows-x86_64 | 0.7.3 | 7.00 | 105.00 | 112.00 | OK |
Version: 0.7.3
Check: data for non-ASCII characters
Result: NOTE
Note: found 56 marked UTF-8 strings
Flavors: r-devel-linux-x86_64-fedora-clang, r-devel-linux-x86_64-fedora-gcc