Last updated on 2024-07-01 03:49:20 CEST.
Flavor | Version | Tinstall | Tcheck | Ttotal | Status | Flags |
---|---|---|---|---|---|---|
r-devel-linux-x86_64-debian-clang | 1.0.7 | 119.82 | 118.43 | 238.25 | OK | |
r-devel-linux-x86_64-debian-gcc | 1.0.7 | 75.66 | 87.48 | 163.14 | OK | |
r-devel-linux-x86_64-fedora-clang | 1.0.7 | 335.51 | NOTE | |||
r-devel-linux-x86_64-fedora-gcc | 1.0.7 | 329.39 | NOTE | |||
r-devel-windows-x86_64 | 1.0.7 | 96.00 | 132.00 | 228.00 | OK | |
r-patched-linux-x86_64 | 1.0.7 | 91.18 | 115.39 | 206.57 | OK | |
r-release-linux-x86_64 | 1.0.7 | 65.11 | 113.19 | 178.30 | OK | |
r-release-macos-arm64 | 1.0.7 | 83.00 | NOTE | |||
r-release-macos-x86_64 | 1.0.7 | 107.00 | NOTE | |||
r-release-windows-x86_64 | 1.0.7 | 97.00 | 138.00 | 235.00 | OK | |
r-oldrel-macos-arm64 | 1.0.7 | 81.00 | NOTE | |||
r-oldrel-macos-x86_64 | 1.0.7 | 150.00 | NOTE | |||
r-oldrel-windows-x86_64 | 1.0.7 | 113.00 | 166.00 | 279.00 | OK |
Version: 1.0.7
Check: dependencies in R code
Result: NOTE
Namespace in Imports field not imported from: ‘statgenGWAS’
All declared Imports should be used.
Flavors: r-devel-linux-x86_64-fedora-clang, r-devel-linux-x86_64-fedora-gcc
Version: 1.0.7
Check: installed package size
Result: NOTE
installed size is 7.3Mb
sub-directories of 1Mb or more:
extdata 2.4Mb
libs 4.2Mb
Flavors: r-release-macos-arm64, r-release-macos-x86_64, r-oldrel-macos-arm64, r-oldrel-macos-x86_64