Last updated on 2024-07-01 03:49:20 CEST.
Flavor | Version | Tinstall | Tcheck | Ttotal | Status | Flags |
---|---|---|---|---|---|---|
r-devel-linux-x86_64-debian-clang | 1.0.6.1 | 15.67 | 486.96 | 502.63 | NOTE | |
r-devel-linux-x86_64-debian-gcc | 1.0.6.1 | 13.90 | 387.08 | 400.98 | NOTE | |
r-devel-linux-x86_64-fedora-clang | 1.0.6.1 | 645.84 | NOTE | |||
r-devel-linux-x86_64-fedora-gcc | 1.0.6.1 | 426.10 | NOTE | |||
r-devel-windows-x86_64 | 1.0.6.1 | 17.00 | 367.00 | 384.00 | NOTE | |
r-patched-linux-x86_64 | 1.0.6.1 | 16.95 | 502.25 | 519.20 | NOTE | |
r-release-linux-x86_64 | 1.0.6.1 | 15.74 | 498.11 | 513.85 | NOTE | |
r-release-macos-arm64 | 1.0.6.1 | 214.00 | NOTE | |||
r-release-macos-x86_64 | 1.0.6.1 | 286.00 | NOTE | |||
r-release-windows-x86_64 | 1.0.6.1 | 16.00 | 377.00 | 393.00 | NOTE | |
r-oldrel-macos-arm64 | 1.0.6.1 | 109.00 | NOTE | |||
r-oldrel-macos-x86_64 | 1.0.6.1 | 275.00 | NOTE | |||
r-oldrel-windows-x86_64 | 1.0.6.1 | 22.00 | 515.00 | 537.00 | NOTE |
Version: 1.0.6.1
Check: package dependencies
Result: NOTE
Package suggested but not available for checking: ‘asreml’
Flavors: r-devel-linux-x86_64-debian-clang, r-devel-linux-x86_64-debian-gcc, r-devel-linux-x86_64-fedora-clang, r-devel-linux-x86_64-fedora-gcc, r-devel-windows-x86_64, r-patched-linux-x86_64, r-release-linux-x86_64, r-release-macos-arm64, r-release-macos-x86_64, r-release-windows-x86_64, r-oldrel-macos-arm64, r-oldrel-macos-x86_64, r-oldrel-windows-x86_64
Version: 1.0.6.1
Check: installed package size
Result: NOTE
installed size is 5.0Mb
sub-directories of 1Mb or more:
data 3.5Mb
Flavors: r-devel-linux-x86_64-fedora-clang, r-release-macos-arm64, r-release-macos-x86_64, r-oldrel-macos-arm64, r-oldrel-macos-x86_64