Last updated on 2024-07-01 03:49:19 CEST.
Flavor | Version | Tinstall | Tcheck | Ttotal | Status | Flags |
---|---|---|---|---|---|---|
r-devel-linux-x86_64-debian-clang | 1.1-1 | 9.85 | 88.22 | 98.07 | OK | |
r-devel-linux-x86_64-debian-gcc | 1.1-1 | 7.34 | 65.40 | 72.74 | OK | |
r-devel-linux-x86_64-fedora-clang | 1.1-1 | 118.41 | OK | |||
r-devel-linux-x86_64-fedora-gcc | 1.1-1 | 115.84 | OK | |||
r-devel-windows-x86_64 | 1.1-1 | 9.00 | 80.00 | 89.00 | OK | |
r-patched-linux-x86_64 | 1.1-1 | 10.26 | 83.32 | 93.58 | OK | |
r-release-linux-x86_64 | 1.1-1 | 7.72 | 81.95 | 89.67 | OK | |
r-release-macos-arm64 | 1.1-1 | 37.00 | OK | |||
r-release-macos-x86_64 | 1.1-1 | 54.00 | OK | |||
r-release-windows-x86_64 | 1.1-1 | 8.00 | 79.00 | 87.00 | OK | |
r-oldrel-macos-arm64 | 1.1-1 | 38.00 | OK | |||
r-oldrel-macos-x86_64 | 1.1-1 | 64.00 | NOTE | |||
r-oldrel-windows-x86_64 | 1.1-1 | 12.00 | 98.00 | 110.00 | OK |
Version: 1.1-1
Check: package dependencies
Result: NOTE
Package suggested but not available for checking: ‘ecpc’
Flavor: r-oldrel-macos-x86_64