Last updated on 2024-07-01 03:49:19 CEST.
Flavor | Version | Tinstall | Tcheck | Ttotal | Status | Flags |
---|---|---|---|---|---|---|
r-devel-linux-x86_64-debian-clang | 0.2.2 | 5.03 | 33.74 | 38.77 | NOTE | |
r-devel-linux-x86_64-debian-gcc | 0.2.2 | 3.94 | 25.76 | 29.70 | NOTE | |
r-devel-linux-x86_64-fedora-clang | 0.2.2 | 48.32 | NOTE | |||
r-devel-linux-x86_64-fedora-gcc | 0.2.2 | 45.43 | NOTE | |||
r-devel-windows-x86_64 | 0.2.2 | 5.00 | 49.00 | 54.00 | NOTE | |
r-patched-linux-x86_64 | 0.2.2 | 3.92 | 32.28 | 36.20 | NOTE | |
r-release-linux-x86_64 | 0.2.2 | 5.53 | 31.77 | 37.30 | NOTE | |
r-release-macos-arm64 | 0.2.2 | 20.00 | NOTE | |||
r-release-macos-x86_64 | 0.2.2 | 28.00 | NOTE | |||
r-release-windows-x86_64 | 0.2.2 | 6.00 | 50.00 | 56.00 | NOTE | |
r-oldrel-macos-arm64 | 0.2.2 | 21.00 | OK | |||
r-oldrel-macos-x86_64 | 0.2.2 | 27.00 | OK | |||
r-oldrel-windows-x86_64 | 0.2.2 | 7.00 | 56.00 | 63.00 | OK |
Version: 0.2.2
Check: Rd files
Result: NOTE
checkRd: (-1) spsOption.Rd:29: Lost braces; missing escapes or markup?
29 | Some functions in {spsUtil}, {spsComps} and {systempPipeShiny} will behave
| ^
checkRd: (-1) spsOption.Rd:29: Lost braces; missing escapes or markup?
29 | Some functions in {spsUtil}, {spsComps} and {systempPipeShiny} will behave
| ^
checkRd: (-1) spsOption.Rd:29: Lost braces; missing escapes or markup?
29 | Some functions in {spsUtil}, {spsComps} and {systempPipeShiny} will behave
| ^
Flavors: r-devel-linux-x86_64-debian-clang, r-devel-linux-x86_64-debian-gcc, r-devel-linux-x86_64-fedora-clang, r-devel-linux-x86_64-fedora-gcc, r-devel-windows-x86_64, r-patched-linux-x86_64, r-release-linux-x86_64, r-release-macos-arm64, r-release-macos-x86_64, r-release-windows-x86_64
Version: 0.2.2
Check: Rd cross-references
Result: NOTE
Undeclared package ‘shiny’ in Rd xrefs
Flavor: r-devel-linux-x86_64-fedora-clang