Last updated on 2024-07-01 03:49:18 CEST.
Flavor | Version | Tinstall | Tcheck | Ttotal | Status | Flags |
---|---|---|---|---|---|---|
r-devel-linux-x86_64-debian-clang | 0.1.5 | 7.46 | 58.91 | 66.37 | NOTE | |
r-devel-linux-x86_64-debian-gcc | 0.1.5 | 5.77 | 43.70 | 49.47 | NOTE | |
r-devel-linux-x86_64-fedora-clang | 0.1.5 | 83.57 | NOTE | |||
r-devel-linux-x86_64-fedora-gcc | 0.1.5 | 75.77 | NOTE | |||
r-devel-windows-x86_64 | 0.1.5 | 8.00 | 59.00 | 67.00 | NOTE | |
r-patched-linux-x86_64 | 0.1.5 | 8.03 | 55.19 | 63.22 | NOTE | |
r-release-linux-x86_64 | 0.1.5 | 4.63 | 54.55 | 59.18 | NOTE | |
r-release-macos-arm64 | 0.1.5 | 28.00 | NOTE | |||
r-release-macos-x86_64 | 0.1.5 | 39.00 | NOTE | |||
r-release-windows-x86_64 | 0.1.5 | 9.00 | 61.00 | 70.00 | NOTE | |
r-oldrel-macos-arm64 | 0.1.5 | 27.00 | OK | |||
r-oldrel-macos-x86_64 | 0.1.5 | 39.00 | OK | |||
r-oldrel-windows-x86_64 | 0.1.5 | 9.00 | 68.00 | 77.00 | OK |
Version: 0.1.5
Check: Rd files
Result: NOTE
checkRd: (-1) speech_recompiler.Rd:25: Lost braces; missing escapes or markup?
25 | The default compilation is that of \ code {speech_build (., compiler = TRUE}).
| ^
Flavors: r-devel-linux-x86_64-debian-clang, r-devel-linux-x86_64-debian-gcc, r-devel-linux-x86_64-fedora-clang, r-devel-linux-x86_64-fedora-gcc, r-devel-windows-x86_64, r-patched-linux-x86_64, r-release-linux-x86_64, r-release-macos-arm64, r-release-macos-x86_64, r-release-windows-x86_64