Last updated on 2024-07-01 03:49:18 CEST.
Flavor | Version | Tinstall | Tcheck | Ttotal | Status | Flags |
---|---|---|---|---|---|---|
r-devel-linux-x86_64-debian-clang | 0.7.1 | 60.22 | 381.66 | 441.88 | OK | |
r-devel-linux-x86_64-debian-gcc | 0.7.1 | 45.60 | 276.91 | 322.51 | OK | |
r-devel-linux-x86_64-fedora-clang | 0.7.1 | 553.90 | NOTE | |||
r-devel-linux-x86_64-fedora-gcc | 0.7.1 | 527.43 | NOTE | |||
r-devel-windows-x86_64 | 0.7.1 | 50.00 | 253.00 | 303.00 | NOTE | |
r-patched-linux-x86_64 | 0.7.1 | 36.40 | 371.99 | 408.39 | OK | |
r-release-linux-x86_64 | 0.7.1 | 40.98 | 371.99 | 412.97 | OK | |
r-release-macos-arm64 | 0.7.1 | 149.00 | NOTE | |||
r-release-macos-x86_64 | 0.7.1 | 218.00 | NOTE | |||
r-release-windows-x86_64 | 0.7.1 | 50.00 | 256.00 | 306.00 | NOTE | |
r-oldrel-macos-arm64 | 0.7.1 | 129.00 | NOTE | |||
r-oldrel-macos-x86_64 | 0.7.1 | 281.00 | NOTE | |||
r-oldrel-windows-x86_64 | 0.7.1 | 68.00 | 337.00 | 405.00 | NOTE |
Version: 0.7.1
Check: data for non-ASCII characters
Result: NOTE
Note: found 283 marked UTF-8 strings
Flavors: r-devel-linux-x86_64-fedora-clang, r-devel-linux-x86_64-fedora-gcc
Version: 0.7.1
Check: installed package size
Result: NOTE
installed size is 5.3Mb
sub-directories of 1Mb or more:
data 2.5Mb
help 1.7Mb
Flavors: r-devel-windows-x86_64, r-release-macos-arm64, r-release-macos-x86_64, r-release-windows-x86_64, r-oldrel-macos-arm64, r-oldrel-macos-x86_64, r-oldrel-windows-x86_64