Last updated on 2024-07-01 03:49:18 CEST.
Flavor | Version | Tinstall | Tcheck | Ttotal | Status | Flags |
---|---|---|---|---|---|---|
r-devel-linux-x86_64-debian-clang | 0.1.3 | 30.68 | 90.06 | 120.74 | NOTE | |
r-devel-linux-x86_64-debian-gcc | 0.1.3 | 22.02 | 66.63 | 88.65 | NOTE | |
r-devel-linux-x86_64-fedora-clang | 0.1.3 | 158.17 | NOTE | |||
r-devel-linux-x86_64-fedora-gcc | 0.1.3 | 149.90 | NOTE | |||
r-devel-windows-x86_64 | 0.1.3 | 30.00 | 100.00 | 130.00 | NOTE | |
r-patched-linux-x86_64 | 0.1.3 | 25.61 | 86.77 | 112.38 | NOTE | |
r-release-linux-x86_64 | 0.1.3 | 27.09 | 84.99 | 112.08 | NOTE | |
r-release-macos-arm64 | 0.1.3 | 43.00 | NOTE | |||
r-release-macos-x86_64 | 0.1.3 | 62.00 | NOTE | |||
r-release-windows-x86_64 | 0.1.3 | 31.00 | 96.00 | 127.00 | NOTE | |
r-oldrel-macos-arm64 | 0.1.3 | 49.00 | NOTE | |||
r-oldrel-macos-x86_64 | 0.1.3 | 76.00 | NOTE | |||
r-oldrel-windows-x86_64 | 0.1.3 | 36.00 | 113.00 | 149.00 | NOTE |
Version: 0.1.3
Check: Rd files
Result: NOTE
checkRd: (-1) cholsolveAQinvAT.Rd:5: Lost braces; missing escapes or markup?
5 | \title{Solve the equation X = AQ^{-1}t(A) under permutations}
| ^
Flavors: r-devel-linux-x86_64-debian-clang, r-devel-linux-x86_64-debian-gcc, r-devel-linux-x86_64-fedora-clang, r-devel-linux-x86_64-fedora-gcc, r-devel-windows-x86_64, r-patched-linux-x86_64, r-release-linux-x86_64, r-release-macos-arm64, r-release-macos-x86_64, r-release-windows-x86_64
Version: 0.1.3
Check: LazyData
Result: NOTE
'LazyData' is specified without a 'data' directory
Flavors: r-devel-linux-x86_64-debian-clang, r-devel-linux-x86_64-debian-gcc, r-devel-linux-x86_64-fedora-clang, r-devel-linux-x86_64-fedora-gcc, r-devel-windows-x86_64, r-patched-linux-x86_64, r-release-linux-x86_64, r-release-macos-arm64, r-release-macos-x86_64, r-release-windows-x86_64, r-oldrel-macos-arm64, r-oldrel-macos-x86_64, r-oldrel-windows-x86_64