Last updated on 2024-07-01 03:49:18 CEST.
Flavor | Version | Tinstall | Tcheck | Ttotal | Status | Flags |
---|---|---|---|---|---|---|
r-devel-linux-x86_64-debian-clang | 4.0 | 6.27 | 36.66 | 42.93 | NOTE | |
r-devel-linux-x86_64-debian-gcc | 4.0 | 5.63 | 28.14 | 33.77 | NOTE | |
r-devel-linux-x86_64-fedora-clang | 4.0 | 56.79 | NOTE | |||
r-devel-linux-x86_64-fedora-gcc | 4.0 | 316.00 | NOTE | |||
r-devel-windows-x86_64 | 4.0 | 9.00 | 53.00 | 62.00 | NOTE | |
r-patched-linux-x86_64 | 4.0 | 7.60 | 35.87 | 43.47 | NOTE | |
r-release-linux-x86_64 | 4.0 | 6.10 | 34.21 | 40.31 | NOTE | |
r-release-macos-arm64 | 4.0 | 117.00 | NOTE | |||
r-release-macos-x86_64 | 4.0 | 202.00 | NOTE | |||
r-release-windows-x86_64 | 4.0 | 11.00 | 53.00 | 64.00 | NOTE | |
r-oldrel-macos-arm64 | 4.0 | 128.00 | OK | |||
r-oldrel-macos-x86_64 | 4.0 | 220.00 | OK | |||
r-oldrel-windows-x86_64 | 4.0 | 9.00 | 56.00 | 65.00 | OK |
Version: 4.0
Check: Rd files
Result: NOTE
checkRd: (-1) elasticNetSEMcv.Rd:69: Lost braces in \itemize; \value handles \item{}{} directly
checkRd: (-1) elasticNetSEMcv.Rd:71-74: Lost braces in \itemize; \value handles \item{}{} directly
checkRd: (-1) elasticNetSEMcv.Rd:75-82: Lost braces in \itemize; \value handles \item{}{} directly
checkRd: (-1) elasticNetSEMcv.Rd:83-92: Lost braces in \itemize; \value handles \item{}{} directly
checkRd: (-1) elasticNetSEMcv.Rd:93: Lost braces in \itemize; \value handles \item{}{} directly
checkRd: (-1) elasticNetSEMcv.Rd:94: Lost braces in \itemize; \value handles \item{}{} directly
Flavors: r-devel-linux-x86_64-debian-clang, r-devel-linux-x86_64-debian-gcc, r-devel-linux-x86_64-fedora-clang, r-devel-linux-x86_64-fedora-gcc, r-devel-windows-x86_64, r-patched-linux-x86_64, r-release-linux-x86_64, r-release-macos-arm64, r-release-macos-x86_64, r-release-windows-x86_64