Last updated on 2024-07-01 03:49:18 CEST.
Flavor | Version | Tinstall | Tcheck | Ttotal | Status | Flags |
---|---|---|---|---|---|---|
r-devel-linux-x86_64-debian-clang | 0.1.6 | 27.07 | 68.23 | 95.30 | NOTE | |
r-devel-linux-x86_64-debian-gcc | 0.1.6 | 17.66 | 49.54 | 67.20 | NOTE | |
r-devel-linux-x86_64-fedora-clang | 0.1.6 | 123.33 | NOTE | |||
r-devel-linux-x86_64-fedora-gcc | 0.1.6 | 118.49 | NOTE | |||
r-devel-windows-x86_64 | 0.1.6 | 22.00 | 82.00 | 104.00 | NOTE | |
r-patched-linux-x86_64 | 0.1.6 | 18.70 | 62.68 | 81.38 | NOTE | |
r-release-linux-x86_64 | 0.1.6 | 14.50 | 62.03 | 76.53 | NOTE | |
r-release-macos-arm64 | 0.1.6 | 33.00 | NOTE | |||
r-release-macos-x86_64 | 0.1.6 | 50.00 | NOTE | |||
r-release-windows-x86_64 | 0.1.6 | 21.00 | 87.00 | 108.00 | NOTE | |
r-oldrel-macos-arm64 | 0.1.6 | 36.00 | NOTE | |||
r-oldrel-macos-x86_64 | 0.1.6 | 71.00 | NOTE | |||
r-oldrel-windows-x86_64 | 0.1.6 | 27.00 | 100.00 | 127.00 | NOTE |
Version: 0.1.6
Check: C++ specification
Result: NOTE
Specified C++11: please drop specification unless essential
Flavors: r-devel-linux-x86_64-debian-clang, r-devel-linux-x86_64-debian-gcc, r-devel-linux-x86_64-fedora-clang, r-devel-linux-x86_64-fedora-gcc, r-devel-windows-x86_64, r-patched-linux-x86_64, r-release-linux-x86_64, r-release-macos-arm64, r-release-macos-x86_64, r-release-windows-x86_64, r-oldrel-macos-arm64, r-oldrel-macos-x86_64, r-oldrel-windows-x86_64