Last updated on 2024-07-01 03:49:17 CEST.
Flavor | Version | Tinstall | Tcheck | Ttotal | Status | Flags |
---|---|---|---|---|---|---|
r-devel-linux-x86_64-debian-clang | 2.21.0 | 33.13 | 318.54 | 351.67 | OK | |
r-devel-linux-x86_64-debian-gcc | 2.21.0 | 21.38 | 235.85 | 257.23 | OK | |
r-devel-linux-x86_64-fedora-clang | 2.21.0 | 426.69 | NOTE | |||
r-devel-linux-x86_64-fedora-gcc | 2.21.0 | 422.79 | OK | |||
r-devel-windows-x86_64 | 2.21.0 | 28.00 | 286.00 | 314.00 | OK | |
r-patched-linux-x86_64 | 2.21.0 | 29.34 | 307.14 | 336.48 | OK | |
r-release-linux-x86_64 | 2.21.0 | 28.51 | 300.71 | 329.22 | OK | |
r-release-macos-arm64 | 2.21.0 | 154.00 | OK | |||
r-release-macos-x86_64 | 2.21.0 | 271.00 | OK | |||
r-release-windows-x86_64 | 2.21.0 | 29.00 | 293.00 | 322.00 | OK | |
r-oldrel-macos-arm64 | 2.21.0 | 174.00 | OK | |||
r-oldrel-macos-x86_64 | 2.21.0 | 360.00 | OK | |||
r-oldrel-windows-x86_64 | 2.21.0 | 36.00 | 332.00 | 368.00 | OK |
Version: 2.21.0
Check: installed package size
Result: NOTE
installed size is 5.9Mb
sub-directories of 1Mb or more:
doc 1.6Mb
libs 2.1Mb
Flavor: r-devel-linux-x86_64-fedora-clang