Last updated on 2024-07-01 03:49:19 CEST.
Flavor | Version | Tinstall | Tcheck | Ttotal | Status | Flags |
---|---|---|---|---|---|---|
r-devel-linux-x86_64-debian-clang | 0.4.4.3 | 274.22 | 356.64 | 630.86 | OK | |
r-devel-linux-x86_64-debian-gcc | 0.4.4.3 | 187.15 | 262.76 | 449.91 | OK | |
r-devel-linux-x86_64-fedora-clang | 0.4.4.3 | 887.68 | NOTE | |||
r-devel-linux-x86_64-fedora-gcc | 0.4.4.3 | 919.68 | OK | |||
r-devel-windows-x86_64 | 0.4.4.3 | 214.00 | 297.00 | 511.00 | NOTE | |
r-patched-linux-x86_64 | 0.4.4.3 | 230.46 | 350.02 | 580.48 | OK | |
r-release-linux-x86_64 | 0.4.4.3 | 211.39 | 347.52 | 558.91 | OK | |
r-release-macos-arm64 | 0.4.4.3 | 182.00 | NOTE | |||
r-release-macos-x86_64 | 0.4.4.3 | 413.00 | NOTE | |||
r-release-windows-x86_64 | 0.4.4.3 | 213.00 | 296.00 | 509.00 | NOTE | |
r-oldrel-macos-arm64 | 0.4.4.3 | 227.00 | NOTE | |||
r-oldrel-macos-x86_64 | 0.4.4.3 | 416.00 | NOTE | |||
r-oldrel-windows-x86_64 | 0.4.4.3 | 260.00 | 394.00 | 654.00 | NOTE |
Version: 0.4.4.3
Check: installed package size
Result: NOTE
installed size is 6.0Mb
sub-directories of 1Mb or more:
extdata 2.6Mb
Flavors: r-devel-linux-x86_64-fedora-clang, r-devel-windows-x86_64, r-release-macos-arm64, r-release-macos-x86_64, r-release-windows-x86_64, r-oldrel-macos-arm64, r-oldrel-macos-x86_64, r-oldrel-windows-x86_64