Last updated on 2024-07-01 03:49:17 CEST.
Flavor | Version | Tinstall | Tcheck | Ttotal | Status | Flags |
---|---|---|---|---|---|---|
r-devel-linux-x86_64-debian-clang | 2.1-7 | 3.07 | 113.23 | 116.30 | NOTE | |
r-devel-linux-x86_64-debian-gcc | 2.1-7 | 2.66 | 88.20 | 90.86 | NOTE | |
r-devel-linux-x86_64-fedora-clang | 2.1-8 | 113.30 | OK | |||
r-devel-linux-x86_64-fedora-gcc | 2.1-7 | 249.75 | NOTE | |||
r-devel-windows-x86_64 | 2.1-7 | 4.00 | 156.00 | 160.00 | NOTE | |
r-patched-linux-x86_64 | 2.1-7 | 4.09 | 116.42 | 120.51 | NOTE | |
r-release-linux-x86_64 | 2.1-7 | 3.91 | 113.62 | 117.53 | NOTE | |
r-release-macos-arm64 | 2.1-8 | 914.00 | OK | |||
r-release-macos-x86_64 | 2.1-8 | 1023.00 | OK | |||
r-release-windows-x86_64 | 2.1-8 | 4.00 | 132.00 | 136.00 | OK | |
r-oldrel-macos-arm64 | 2.1-8 | 1750.00 | OK | |||
r-oldrel-macos-x86_64 | 2.1-8 | 1803.00 | NOTE | |||
r-oldrel-windows-x86_64 | 2.1-8 | 6.00 | 130.00 | 136.00 | OK |
Version: 2.1-7
Check: Rd files
Result: NOTE
checkRd: (-1) findFn.Rd:101-102: Lost braces in \itemize; \value handles \item{}{} directly
checkRd: (-1) findFn.Rd:103-109: Lost braces in \itemize; \value handles \item{}{} directly
checkRd: (-1) findFn.Rd:110-116: Lost braces in \itemize; \value handles \item{}{} directly
checkRd: (-1) findFn.Rd:117-120: Lost braces in \itemize; \value handles \item{}{} directly
checkRd: (-1) findFn.Rd:121-124: Lost braces in \itemize; \value handles \item{}{} directly
checkRd: (-1) findFn.Rd:125: Lost braces in \itemize; \value handles \item{}{} directly
checkRd: (-1) findFn.Rd:126-130: Lost braces in \itemize; \value handles \item{}{} directly
checkRd: (-1) findFn.Rd:131-133: Lost braces in \itemize; \value handles \item{}{} directly
checkRd: (-1) findFn.Rd:134-137: Lost braces in \itemize; \value handles \item{}{} directly
checkRd: (-1) findFn.Rd:144-150: Lost braces in \itemize; \value handles \item{}{} directly
checkRd: (-1) findFn.Rd:151-157: Lost braces in \itemize; \value handles \item{}{} directly
checkRd: (-1) findFn.Rd:158-161: Lost braces in \itemize; \value handles \item{}{} directly
checkRd: (-1) findFn.Rd:162: Lost braces in \itemize; \value handles \item{}{} directly
Flavors: r-devel-linux-x86_64-debian-clang, r-devel-linux-x86_64-debian-gcc, r-devel-linux-x86_64-fedora-gcc, r-devel-windows-x86_64, r-patched-linux-x86_64, r-release-linux-x86_64
Version: 2.1-8
Check: re-building of vignette outputs
Result: NOTE
Error(s) in re-building vignettes:
...
--- re-building ‘sos.Rmd’ using rmarkdown
Quitting from lines 283-287 [install-and-write] (sos.Rmd)
Execution halted
* checking PDF version of manual ...* using check arguments '--no-clean-on-error '
Flavor: r-oldrel-macos-x86_64