Last updated on 2024-07-01 03:49:17 CEST.
Flavor | Version | Tinstall | Tcheck | Ttotal | Status | Flags |
---|---|---|---|---|---|---|
r-devel-linux-x86_64-debian-clang | 1.0.0 | 22.51 | 311.46 | 333.97 | OK | |
r-devel-linux-x86_64-debian-gcc | 1.0.0 | 19.21 | 226.09 | 245.30 | OK | |
r-devel-linux-x86_64-fedora-clang | 1.0.0 | 435.52 | OK | |||
r-devel-linux-x86_64-fedora-gcc | 1.0.0 | 415.97 | OK | |||
r-devel-windows-x86_64 | 1.0.0 | 21.00 | 240.00 | 261.00 | OK | |
r-patched-linux-x86_64 | 1.0.0 | 21.45 | 289.68 | 311.13 | OK | |
r-release-linux-x86_64 | 1.0.0 | 15.75 | 296.09 | 311.84 | OK | |
r-release-macos-arm64 | 1.0.0 | 112.00 | OK | |||
r-release-macos-x86_64 | 1.0.0 | 181.00 | OK | |||
r-release-windows-x86_64 | 1.0.0 | 21.00 | 243.00 | 264.00 | OK | |
r-oldrel-macos-arm64 | 1.0.0 | 12.00 | ERROR | |||
r-oldrel-macos-x86_64 | 1.0.0 | 12.00 | ERROR | |||
r-oldrel-windows-x86_64 | 1.0.0 | 28.00 | 286.00 | 314.00 | OK |
Version: 1.0.0
Check: package dependencies
Result: ERROR
Package required but not available: ‘GWASTools’
See section ‘The DESCRIPTION file’ in the ‘Writing R Extensions’
manual.
Flavors: r-oldrel-macos-arm64, r-oldrel-macos-x86_64