Last updated on 2024-07-01 03:49:16 CEST.
Flavor | Version | Tinstall | Tcheck | Ttotal | Status | Flags |
---|---|---|---|---|---|---|
r-devel-linux-x86_64-debian-clang | 1.5.0 | 236.12 | 223.07 | 459.19 | OK | |
r-devel-linux-x86_64-debian-gcc | 1.5.0 | 147.12 | 154.24 | 301.36 | OK | |
r-devel-linux-x86_64-fedora-clang | 1.5.0 | 641.37 | OK | |||
r-devel-linux-x86_64-fedora-gcc | 1.5.0 | 622.05 | OK | |||
r-devel-windows-x86_64 | 1.5.0 | 184.00 | 188.00 | 372.00 | OK | |
r-patched-linux-x86_64 | 1.5.0 | 188.47 | 180.38 | 368.85 | OK | |
r-release-linux-x86_64 | 1.5.0 | 135.57 | 206.22 | 341.79 | OK | |
r-release-macos-arm64 | 1.5.0 | 119.00 | NOTE | |||
r-release-macos-x86_64 | 1.5.0 | 154.00 | NOTE | |||
r-release-windows-x86_64 | 1.5.0 | 181.00 | 191.00 | 372.00 | OK | |
r-oldrel-macos-arm64 | 1.5.0 | 119.00 | NOTE | |||
r-oldrel-macos-x86_64 | 1.5.0 | 255.00 | NOTE | |||
r-oldrel-windows-x86_64 | 1.5.0 | 226.00 | 245.00 | 471.00 | OK |
Version: 1.5.0
Check: installed package size
Result: NOTE
installed size is 9.9Mb
sub-directories of 1Mb or more:
R 2.1Mb
extdata 1.2Mb
libs 5.9Mb
Flavors: r-release-macos-arm64, r-release-macos-x86_64, r-oldrel-macos-arm64, r-oldrel-macos-x86_64