Last updated on 2024-07-01 03:49:16 CEST.
Flavor | Version | Tinstall | Tcheck | Ttotal | Status | Flags |
---|---|---|---|---|---|---|
r-devel-linux-x86_64-debian-clang | 0.2.5 | 8.52 | 78.35 | 86.87 | NOTE | --no-vignettes |
r-devel-linux-x86_64-debian-gcc | 0.2.5 | 7.15 | 59.93 | 67.08 | NOTE | --no-vignettes |
r-devel-linux-x86_64-fedora-clang | 0.2.5 | 357.23 | NOTE | |||
r-devel-linux-x86_64-fedora-gcc | 0.2.5 | 407.69 | NOTE | |||
r-devel-windows-x86_64 | 0.2.5 | 8.00 | 347.00 | 355.00 | NOTE | |
r-patched-linux-x86_64 | 0.2.5 | 8.44 | 73.33 | 81.77 | NOTE | --no-vignettes |
r-release-linux-x86_64 | 0.2.5 | 6.63 | 74.55 | 81.18 | NOTE | --no-vignettes |
r-release-macos-arm64 | 0.2.5 | 193.00 | NOTE | |||
r-release-macos-x86_64 | 0.2.5 | 307.00 | NOTE | |||
r-release-windows-x86_64 | 0.2.5 | 9.00 | 342.00 | 351.00 | NOTE | |
r-oldrel-macos-arm64 | 0.2.5 | 212.00 | OK | |||
r-oldrel-macos-x86_64 | 0.2.5 | 352.00 | OK | |||
r-oldrel-windows-x86_64 | 0.2.5 | 9.00 | 421.00 | 430.00 | OK |
Version: 0.2.5
Flags: --no-vignettes
Check: Rd files
Result: NOTE
checkRd: (-1) add_bold.Rd:15: Lost braces; missing escapes or markup?
15 | For example, in latex it would take "2" and output "{\\bf 2}"; in html
| ^
Flavors: r-devel-linux-x86_64-debian-clang, r-devel-linux-x86_64-debian-gcc, r-patched-linux-x86_64, r-release-linux-x86_64
Version: 0.2.5
Check: Rd files
Result: NOTE
checkRd: (-1) add_bold.Rd:15: Lost braces; missing escapes or markup?
15 | For example, in latex it would take "2" and output "{\\bf 2}"; in html
| ^
Flavors: r-devel-linux-x86_64-fedora-clang, r-devel-linux-x86_64-fedora-gcc, r-devel-windows-x86_64, r-release-macos-arm64, r-release-macos-x86_64, r-release-windows-x86_64