Last updated on 2024-07-01 03:49:16 CEST.
Flavor | Version | Tinstall | Tcheck | Ttotal | Status | Flags |
---|---|---|---|---|---|---|
r-devel-linux-x86_64-debian-clang | 1.2.2 | 12.88 | 100.43 | 113.31 | OK | |
r-devel-linux-x86_64-debian-gcc | 1.2.2 | 9.70 | 72.64 | 82.34 | OK | |
r-devel-linux-x86_64-fedora-clang | 1.2.2 | 136.59 | NOTE | |||
r-devel-linux-x86_64-fedora-gcc | 1.2.2 | 141.41 | NOTE | |||
r-devel-windows-x86_64 | 1.2.2 | 11.00 | 90.00 | 101.00 | OK | |
r-patched-linux-x86_64 | 1.2.2 | 11.83 | 91.93 | 103.76 | OK | |
r-release-linux-x86_64 | 1.2.2 | 8.09 | 92.47 | 100.56 | OK | |
r-release-macos-arm64 | 1.2.2 | 44.00 | OK | |||
r-release-macos-x86_64 | 1.2.2 | 68.00 | OK | |||
r-release-windows-x86_64 | 1.2.2 | 10.00 | 90.00 | 100.00 | OK | |
r-oldrel-macos-arm64 | 1.2.2 | 48.00 | OK | |||
r-oldrel-macos-x86_64 | 1.2.2 | 105.00 | OK | |||
r-oldrel-windows-x86_64 | 1.2.2 | 14.00 | 106.00 | 120.00 | OK |
Version: 1.2.2
Check: dependencies in R code
Result: NOTE
Namespace in Imports field not imported from: ‘quadprog’
All declared Imports should be used.
Flavors: r-devel-linux-x86_64-fedora-clang, r-devel-linux-x86_64-fedora-gcc