Last updated on 2024-07-01 03:49:16 CEST.
Flavor | Version | Tinstall | Tcheck | Ttotal | Status | Flags |
---|---|---|---|---|---|---|
r-devel-linux-x86_64-debian-clang | 0.1.2 | 3.79 | 50.16 | 53.95 | NOTE | |
r-devel-linux-x86_64-debian-gcc | 0.1.2 | 2.91 | 39.73 | 42.64 | NOTE | |
r-devel-linux-x86_64-fedora-clang | 0.1.2 | 69.54 | NOTE | |||
r-devel-linux-x86_64-fedora-gcc | 0.1.2 | 78.39 | NOTE | |||
r-devel-windows-x86_64 | 0.1.2 | 4.00 | 60.00 | 64.00 | NOTE | |
r-patched-linux-x86_64 | 0.1.2 | 3.16 | 49.03 | 52.19 | NOTE | |
r-release-linux-x86_64 | 0.1.2 | 3.10 | 50.14 | 53.24 | NOTE | |
r-release-macos-arm64 | 0.1.2 | 28.00 | NOTE | |||
r-release-macos-x86_64 | 0.1.2 | 44.00 | NOTE | |||
r-release-windows-x86_64 | 0.1.2 | 4.00 | 59.00 | 63.00 | NOTE | |
r-oldrel-macos-arm64 | 0.1.2 | 30.00 | NOTE | |||
r-oldrel-macos-x86_64 | 0.1.2 | 44.00 | NOTE | |||
r-oldrel-windows-x86_64 | 0.1.2 | 5.00 | 63.00 | 68.00 | NOTE |
Version: 0.1.2
Check: LazyData
Result: NOTE
'LazyData' is specified without a 'data' directory
Flavors: r-devel-linux-x86_64-debian-clang, r-devel-linux-x86_64-debian-gcc, r-devel-linux-x86_64-fedora-clang, r-devel-linux-x86_64-fedora-gcc, r-devel-windows-x86_64, r-patched-linux-x86_64, r-release-linux-x86_64, r-release-macos-arm64, r-release-macos-x86_64, r-release-windows-x86_64, r-oldrel-macos-arm64, r-oldrel-macos-x86_64, r-oldrel-windows-x86_64