Last updated on 2024-07-01 03:49:15 CEST.
Flavor | Version | Tinstall | Tcheck | Ttotal | Status | Flags |
---|---|---|---|---|---|---|
r-devel-linux-x86_64-debian-clang | 0.4.4 | 149.81 | 51.57 | 201.38 | NOTE | |
r-devel-linux-x86_64-debian-gcc | 0.4.4 | 108.96 | 38.06 | 147.02 | NOTE | |
r-devel-linux-x86_64-fedora-clang | 0.4.4 | 286.46 | NOTE | |||
r-devel-linux-x86_64-fedora-gcc | 0.4.4 | 319.70 | NOTE | |||
r-devel-windows-x86_64 | 0.4.4 | 116.00 | 85.00 | 201.00 | NOTE | |
r-patched-linux-x86_64 | 0.4.4 | 131.03 | 49.42 | 180.45 | OK | |
r-release-linux-x86_64 | 0.4.4 | 124.87 | 48.68 | 173.55 | OK | |
r-release-macos-arm64 | 0.4.4 | 57.00 | NOTE | |||
r-release-macos-x86_64 | 0.4.4 | 69.00 | NOTE | |||
r-release-windows-x86_64 | 0.4.4 | 113.00 | 82.00 | 195.00 | OK | |
r-oldrel-macos-arm64 | 0.4.4 | 66.00 | NOTE | |||
r-oldrel-macos-x86_64 | 0.4.4 | 100.00 | NOTE | |||
r-oldrel-windows-x86_64 | 0.4.4 | 133.00 | 103.00 | 236.00 | OK |
Version: 0.4.4
Check: compiled code
Result: NOTE
File ‘sfheaders/libs/sfheaders.so’:
Found non-API call to R: ‘STRING_PTR’
Compiled code should not call non-API entry points in R.
See ‘Writing portable packages’ in the ‘Writing R Extensions’ manual.
See section ‘Moving into C API compliance’ in the ‘Writing R
Extensions’ manual for issues with use of non-API entry points.
Flavors: r-devel-linux-x86_64-debian-clang, r-devel-linux-x86_64-debian-gcc, r-devel-linux-x86_64-fedora-gcc
Version: 0.4.4
Check: compiled code
Result: NOTE
File ‘sfheaders/libs/sfheaders.so’:
Found non-API call to R: ‘STRING_PTR’
Compiled code should not call non-API entry points in R.
See ‘Writing portable packages’ in the ‘Writing R Extensions’ manual,
and section ‘Moving into C API compliance’ for issues with the use of
non-API entry points.
Flavor: r-devel-linux-x86_64-fedora-clang
Version: 0.4.4
Check: compiled code
Result: NOTE
File 'sfheaders/libs/x64/sfheaders.dll':
Found non-API call to R: 'STRING_PTR'
Compiled code should not call non-API entry points in R.
See 'Writing portable packages' in the 'Writing R Extensions' manual.
See section 'Moving into C API compliance' in the 'Writing R
Extensions' manual for issues with use of non-API entry points.
Flavor: r-devel-windows-x86_64
Version: 0.4.4
Check: installed package size
Result: NOTE
installed size is 8.0Mb
sub-directories of 1Mb or more:
libs 7.4Mb
Flavors: r-release-macos-arm64, r-release-macos-x86_64, r-oldrel-macos-arm64, r-oldrel-macos-x86_64