Last updated on 2024-07-01 03:49:15 CEST.
Flavor | Version | Tinstall | Tcheck | Ttotal | Status | Flags |
---|---|---|---|---|---|---|
r-devel-linux-x86_64-debian-clang | 0.5-0 | 93.66 | 457.95 | 551.61 | OK | |
r-devel-linux-x86_64-debian-gcc | 0.5-0 | 66.73 | 377.52 | 444.25 | OK | |
r-devel-linux-x86_64-fedora-clang | 0.5-0 | 665.96 | OK | |||
r-devel-linux-x86_64-fedora-gcc | 0.5-0 | 742.58 | OK | |||
r-devel-windows-x86_64 | 0.5-0 | 67.00 | 354.00 | 421.00 | OK | |
r-patched-linux-x86_64 | 0.5-0 | 85.79 | 471.91 | 557.70 | OK | |
r-release-linux-x86_64 | 0.5-0 | 86.13 | 485.93 | 572.06 | OK | |
r-release-macos-arm64 | 0.5-0 | 209.00 | NOTE | |||
r-release-macos-x86_64 | 0.5-0 | 312.00 | NOTE | |||
r-release-windows-x86_64 | 0.5-0 | 63.00 | 346.00 | 409.00 | OK | |
r-oldrel-macos-arm64 | 0.5-0 | 287.00 | NOTE | |||
r-oldrel-macos-x86_64 | 0.5-0 | 450.00 | NOTE | |||
r-oldrel-windows-x86_64 | 0.5-0 | 78.00 | 411.00 | 489.00 | OK |
Version: 0.5-0
Check: installed package size
Result: NOTE
installed size is 19.6Mb
sub-directories of 1Mb or more:
libs 18.3Mb
Flavors: r-release-macos-arm64, r-release-macos-x86_64, r-oldrel-macos-arm64, r-oldrel-macos-x86_64