Last updated on 2024-07-01 03:49:15 CEST.
Flavor | Version | Tinstall | Tcheck | Ttotal | Status | Flags |
---|---|---|---|---|---|---|
r-devel-linux-x86_64-debian-clang | 0.2.8 | 78.43 | 899.50 | 977.93 | NOTE | |
r-devel-linux-x86_64-debian-gcc | 0.2.8 | 57.40 | 1202.68 | 1260.08 | NOTE | |
r-devel-linux-x86_64-fedora-clang | 0.2.8 | 1195.43 | NOTE | |||
r-devel-linux-x86_64-fedora-gcc | 0.2.8 | 1404.97 | NOTE | |||
r-devel-windows-x86_64 | 0.2.8 | 74.00 | 551.00 | 625.00 | NOTE | |
r-patched-linux-x86_64 | 0.2.8 | 69.76 | 1525.40 | 1595.16 | NOTE | |
r-release-linux-x86_64 | 0.2.8 | 69.03 | 1571.57 | 1640.60 | NOTE | |
r-release-macos-arm64 | 0.2.8 | 554.00 | NOTE | |||
r-release-macos-x86_64 | 0.2.8 | 535.00 | NOTE | |||
r-release-windows-x86_64 | 0.2.8 | 75.00 | 539.00 | 614.00 | NOTE | |
r-oldrel-macos-arm64 | 0.2.8 | 556.00 | NOTE | |||
r-oldrel-macos-x86_64 | 0.2.8 | 840.00 | NOTE | |||
r-oldrel-windows-x86_64 | 0.2.8 | 88.00 | 733.00 | 821.00 | NOTE |
Version: 0.2.8
Check: for GNU extensions in Makefiles
Result: NOTE
GNU make is a SystemRequirements.
Flavors: r-devel-linux-x86_64-debian-clang, r-devel-linux-x86_64-debian-gcc, r-devel-linux-x86_64-fedora-clang, r-devel-linux-x86_64-fedora-gcc, r-devel-windows-x86_64, r-patched-linux-x86_64, r-release-linux-x86_64, r-release-macos-arm64, r-release-macos-x86_64, r-release-windows-x86_64, r-oldrel-macos-arm64, r-oldrel-macos-x86_64, r-oldrel-windows-x86_64
Version: 0.2.8
Check: compiled code
Result: NOTE
File ‘seqtrie/libs/seqtrie.so’:
Found non-API call to R: ‘STRING_PTR’
Compiled code should not call non-API entry points in R.
See ‘Writing portable packages’ in the ‘Writing R Extensions’ manual.
See section ‘Moving into C API compliance’ in the ‘Writing R
Extensions’ manual for issues with use of non-API entry points.
Flavors: r-devel-linux-x86_64-debian-clang, r-devel-linux-x86_64-debian-gcc, r-devel-linux-x86_64-fedora-gcc
Version: 0.2.8
Check: compiled code
Result: NOTE
File ‘seqtrie/libs/seqtrie.so’:
Found non-API call to R: ‘STRING_PTR’
Compiled code should not call non-API entry points in R.
See ‘Writing portable packages’ in the ‘Writing R Extensions’ manual,
and section ‘Moving into C API compliance’ for issues with the use of
non-API entry points.
Flavor: r-devel-linux-x86_64-fedora-clang
Version: 0.2.8
Check: compiled code
Result: NOTE
File 'seqtrie/libs/x64/seqtrie.dll':
Found non-API call to R: 'STRING_PTR'
Compiled code should not call non-API entry points in R.
See 'Writing portable packages' in the 'Writing R Extensions' manual.
See section 'Moving into C API compliance' in the 'Writing R
Extensions' manual for issues with use of non-API entry points.
Flavor: r-devel-windows-x86_64
Version: 0.2.8
Check: package dependencies
Result: NOTE
Package suggested but not available for checking: ‘pwalign’
Flavors: r-release-macos-arm64, r-release-macos-x86_64, r-oldrel-macos-arm64, r-oldrel-macos-x86_64, r-oldrel-windows-x86_64
Version: 0.2.8
Check: installed package size
Result: NOTE
installed size is 5.9Mb
sub-directories of 1Mb or more:
data 1.1Mb
libs 4.3Mb
Flavors: r-release-macos-arm64, r-release-macos-x86_64, r-oldrel-macos-arm64, r-oldrel-macos-x86_64