Last updated on 2024-07-01 03:49:15 CEST.
Flavor | Version | Tinstall | Tcheck | Ttotal | Status | Flags |
---|---|---|---|---|---|---|
r-devel-linux-x86_64-debian-clang | 1.1.0 | 10.55 | 81.29 | 91.84 | OK | |
r-devel-linux-x86_64-debian-gcc | 1.1.0 | 8.11 | 59.97 | 68.08 | OK | |
r-devel-linux-x86_64-fedora-clang | 1.1.0 | 118.29 | OK | |||
r-devel-linux-x86_64-fedora-gcc | 1.1.0 | 107.98 | OK | |||
r-devel-windows-x86_64 | 1.1.0 | 11.00 | 75.00 | 86.00 | OK | |
r-patched-linux-x86_64 | 1.1.0 | 9.11 | 78.10 | 87.21 | OK | |
r-release-linux-x86_64 | 1.1.0 | 6.02 | 75.52 | 81.54 | OK | |
r-release-macos-arm64 | 1.1.0 | 36.00 | OK | |||
r-release-macos-x86_64 | 1.1.0 | 81.00 | OK | |||
r-release-windows-x86_64 | 1.1.0 | 10.00 | 75.00 | 85.00 | OK | |
r-oldrel-macos-arm64 | 1.1.0 | 10.00 | ERROR | |||
r-oldrel-macos-x86_64 | 1.1.0 | 11.00 | ERROR | |||
r-oldrel-windows-x86_64 | 1.1.0 | 13.00 | 88.00 | 101.00 | OK |
Version: 1.1.0
Check: package dependencies
Result: ERROR
Package required and available but unsuitable version: ‘paradox’
See section ‘The DESCRIPTION file’ in the ‘Writing R Extensions’
manual.
Flavors: r-oldrel-macos-arm64, r-oldrel-macos-x86_64