Last updated on 2024-07-01 03:49:15 CEST.
Flavor | Version | Tinstall | Tcheck | Ttotal | Status | Flags |
---|---|---|---|---|---|---|
r-devel-linux-x86_64-debian-clang | 0.9.20 | 26.51 | 641.66 | 668.17 | OK | |
r-devel-linux-x86_64-debian-gcc | 0.9.20 | 17.76 | 474.92 | 492.68 | OK | |
r-devel-linux-x86_64-fedora-clang | 0.9.20 | 791.26 | OK | |||
r-devel-linux-x86_64-fedora-gcc | 0.9.20 | 772.13 | OK | |||
r-devel-windows-x86_64 | 0.9.20 | 20.00 | 398.00 | 418.00 | OK | |
r-patched-linux-x86_64 | 0.9.20 | 29.20 | 634.55 | 663.75 | NOTE | |
r-release-linux-x86_64 | 0.9.20 | 12.85 | 644.70 | 657.55 | NOTE | |
r-release-macos-arm64 | 0.9.20 | 195.00 | OK | |||
r-release-macos-x86_64 | 0.9.20 | 336.00 | NOTE | |||
r-release-windows-x86_64 | 0.9.20 | 19.00 | 393.00 | 412.00 | OK | |
r-oldrel-macos-arm64 | 0.9.20 | 194.00 | OK | |||
r-oldrel-macos-x86_64 | 0.9.20 | 569.00 | OK | |||
r-oldrel-windows-x86_64 | 0.9.20 | 24.00 | 540.00 | 564.00 | OK |
Version: 0.9.20
Check: package dependencies
Result: NOTE
Package suggested but not available for checking: ‘ctsemOMX’
Flavors: r-patched-linux-x86_64, r-release-linux-x86_64, r-release-macos-x86_64