Last updated on 2024-07-01 03:49:15 CEST.
Flavor | Version | Tinstall | Tcheck | Ttotal | Status | Flags |
---|---|---|---|---|---|---|
r-devel-linux-x86_64-debian-clang | 2.3.3 | 9.71 | 164.83 | 174.54 | OK | |
r-devel-linux-x86_64-debian-gcc | 2.3.3 | 7.81 | 116.82 | 124.63 | OK | |
r-devel-linux-x86_64-fedora-clang | 2.3.3 | 207.45 | NOTE | |||
r-devel-linux-x86_64-fedora-gcc | 2.3.3 | 244.47 | NOTE | |||
r-devel-windows-x86_64 | 2.3.3 | 9.00 | 303.00 | 312.00 | OK | |
r-patched-linux-x86_64 | 2.3.3 | 7.55 | 158.32 | 165.87 | OK | |
r-release-linux-x86_64 | 2.3.3 | 5.89 | 150.66 | 156.55 | OK | |
r-release-macos-arm64 | 2.3.3 | 149.00 | OK | |||
r-release-macos-x86_64 | 2.3.3 | 409.00 | OK | |||
r-release-windows-x86_64 | 2.3.3 | 9.00 | 302.00 | 311.00 | OK | |
r-oldrel-macos-arm64 | 2.3.3 | 177.00 | OK | |||
r-oldrel-macos-x86_64 | 2.3.3 | 392.00 | OK | |||
r-oldrel-windows-x86_64 | 2.3.3 | 12.00 | 382.00 | 394.00 | OK |
Version: 2.3.3
Check: dependencies in R code
Result: NOTE
Namespaces in Imports field not imported from:
‘knitr’ ‘rmarkdown’ ‘webp’
All declared Imports should be used.
Flavors: r-devel-linux-x86_64-fedora-clang, r-devel-linux-x86_64-fedora-gcc