Last updated on 2024-07-01 03:49:15 CEST.
Flavor | Version | Tinstall | Tcheck | Ttotal | Status | Flags |
---|---|---|---|---|---|---|
r-devel-linux-x86_64-debian-clang | 1.2.5 | 68.31 | 131.00 | 199.31 | OK | |
r-devel-linux-x86_64-debian-gcc | 1.2.5 | 46.12 | 94.52 | 140.64 | OK | |
r-devel-linux-x86_64-fedora-clang | 1.2.5 | 242.89 | OK | |||
r-devel-linux-x86_64-fedora-gcc | 1.2.5 | 229.33 | OK | |||
r-devel-windows-x86_64 | 1.2.5 | 54.00 | 129.00 | 183.00 | OK | |
r-patched-linux-x86_64 | 1.2.5 | 56.57 | 120.39 | 176.96 | OK | |
r-release-linux-x86_64 | 1.2.5 | 47.67 | 121.53 | 169.20 | OK | |
r-release-macos-arm64 | 1.2.5 | 57.00 | OK | |||
r-release-macos-x86_64 | 1.2.5 | 75.00 | OK | |||
r-release-windows-x86_64 | 1.2.5 | 53.00 | 127.00 | 180.00 | OK | |
r-oldrel-macos-arm64 | 1.2.5 | 63.00 | OK | |||
r-oldrel-macos-x86_64 | 1.2.5 | 115.00 | NOTE | |||
r-oldrel-windows-x86_64 | 1.2.5 | 65.00 | 161.00 | 226.00 | OK |
Version: 1.2.5
Check: package dependencies
Result: NOTE
Package suggested but not available for checking: ‘Rmpfr’
Flavor: r-oldrel-macos-x86_64