Last updated on 2024-07-01 03:49:15 CEST.
Flavor | Version | Tinstall | Tcheck | Ttotal | Status | Flags |
---|---|---|---|---|---|---|
r-devel-linux-x86_64-debian-clang | 0.4.0 | 13.77 | 348.07 | 361.84 | OK | |
r-devel-linux-x86_64-debian-gcc | 0.4.0 | 7.51 | 240.50 | 248.01 | OK | |
r-devel-linux-x86_64-fedora-clang | 0.4.0 | 402.85 | NOTE | |||
r-devel-linux-x86_64-fedora-gcc | 0.4.0 | 440.75 | OK | |||
r-devel-windows-x86_64 | 0.4.0 | 13.00 | 254.00 | 267.00 | OK | |
r-patched-linux-x86_64 | 0.4.0 | 12.62 | 323.74 | 336.36 | OK | |
r-release-linux-x86_64 | 0.4.0 | 6.89 | 322.36 | 329.25 | OK | |
r-release-macos-arm64 | 0.4.0 | 126.00 | OK | |||
r-release-macos-x86_64 | 0.4.0 | 183.00 | OK | |||
r-release-windows-x86_64 | 0.4.0 | 12.00 | 253.00 | 265.00 | OK | |
r-oldrel-macos-arm64 | 0.4.0 | 114.00 | OK | |||
r-oldrel-macos-x86_64 | 0.4.0 | 270.00 | OK | |||
r-oldrel-windows-x86_64 | 0.4.0 | 16.00 | 320.00 | 336.00 | OK |
Version: 0.4.0
Check: Rd cross-references
Result: NOTE
Undeclared packages ‘janitor’, ‘unheadr’, ‘validate’ in Rd xrefs
Flavor: r-devel-linux-x86_64-fedora-clang