Last updated on 2024-07-01 03:49:15 CEST.
Flavor | Version | Tinstall | Tcheck | Ttotal | Status | Flags |
---|---|---|---|---|---|---|
r-devel-linux-x86_64-debian-clang | 0.0.1.0 | 13.35 | 115.20 | 128.55 | NOTE | |
r-devel-linux-x86_64-debian-gcc | 0.0.1.0 | 10.88 | 86.02 | 96.90 | NOTE | |
r-devel-linux-x86_64-fedora-clang | 0.0.1.0 | 166.94 | NOTE | |||
r-devel-linux-x86_64-fedora-gcc | 0.0.1.0 | 162.25 | NOTE | |||
r-devel-windows-x86_64 | 0.0.1.0 | 13.00 | 101.00 | 114.00 | NOTE | |
r-patched-linux-x86_64 | 0.0.1.0 | 9.31 | 112.29 | 121.60 | NOTE | |
r-release-linux-x86_64 | 0.0.1.0 | 8.92 | 111.43 | 120.35 | NOTE | |
r-release-macos-arm64 | 0.0.1.0 | 46.00 | NOTE | |||
r-release-macos-x86_64 | 0.0.1.0 | 65.00 | NOTE | |||
r-release-windows-x86_64 | 0.0.1.0 | 13.00 | 103.00 | 116.00 | NOTE | |
r-oldrel-macos-arm64 | 0.0.1.0 | 48.00 | NOTE | |||
r-oldrel-macos-x86_64 | 0.0.1.0 | 79.00 | NOTE | |||
r-oldrel-windows-x86_64 | 0.0.1.0 | 16.00 | 125.00 | 141.00 | NOTE |
Version: 0.0.1.0
Check: LazyData
Result: NOTE
'LazyData' is specified without a 'data' directory
Flavors: r-devel-linux-x86_64-debian-clang, r-devel-linux-x86_64-debian-gcc, r-devel-linux-x86_64-fedora-clang, r-devel-linux-x86_64-fedora-gcc, r-devel-windows-x86_64, r-patched-linux-x86_64, r-release-linux-x86_64, r-release-macos-arm64, r-release-macos-x86_64, r-release-windows-x86_64, r-oldrel-macos-arm64, r-oldrel-macos-x86_64, r-oldrel-windows-x86_64