Last updated on 2024-07-01 03:49:15 CEST.
Flavor | Version | Tinstall | Tcheck | Ttotal | Status | Flags |
---|---|---|---|---|---|---|
r-devel-linux-x86_64-debian-clang | 1.0.1 | 7.98 | 74.87 | 82.85 | NOTE | |
r-devel-linux-x86_64-debian-gcc | 1.0.1 | 6.57 | 56.16 | 62.73 | NOTE | |
r-devel-linux-x86_64-fedora-clang | 1.0.1 | 104.07 | NOTE | |||
r-devel-linux-x86_64-fedora-gcc | 1.0.1 | 97.03 | NOTE | |||
r-devel-windows-x86_64 | 1.0.1 | 8.00 | 69.00 | 77.00 | NOTE | |
r-patched-linux-x86_64 | 1.0.1 | 6.24 | 71.77 | 78.01 | NOTE | |
r-release-linux-x86_64 | 1.0.1 | 7.82 | 71.32 | 79.14 | NOTE | |
r-release-macos-arm64 | 1.0.1 | 38.00 | NOTE | |||
r-release-macos-x86_64 | 1.0.1 | 48.00 | NOTE | |||
r-release-windows-x86_64 | 1.0.1 | 9.00 | 67.00 | 76.00 | NOTE | |
r-oldrel-macos-arm64 | 1.0.1 | 36.00 | NOTE | |||
r-oldrel-macos-x86_64 | 1.0.1 | 83.00 | NOTE | |||
r-oldrel-windows-x86_64 | 1.0.1 | 10.00 | 85.00 | 95.00 | NOTE |
Version: 1.0.1
Check: LazyData
Result: NOTE
'LazyData' is specified without a 'data' directory
Flavors: r-devel-linux-x86_64-debian-clang, r-devel-linux-x86_64-debian-gcc, r-devel-linux-x86_64-fedora-clang, r-devel-linux-x86_64-fedora-gcc, r-devel-windows-x86_64, r-patched-linux-x86_64, r-release-linux-x86_64, r-release-macos-arm64, r-release-macos-x86_64, r-release-windows-x86_64, r-oldrel-macos-arm64, r-oldrel-macos-x86_64, r-oldrel-windows-x86_64
Version: 1.0.1
Check: dependencies in R code
Result: NOTE
Namespaces in Imports field not imported from:
‘methods’ ‘pbapply’ ‘utils’
All declared Imports should be used.
Flavors: r-devel-linux-x86_64-fedora-clang, r-devel-linux-x86_64-fedora-gcc