Last updated on 2024-07-01 03:49:15 CEST.
Flavor | Version | Tinstall | Tcheck | Ttotal | Status | Flags |
---|---|---|---|---|---|---|
r-devel-linux-x86_64-debian-clang | 2.1.2 | 48.02 | 356.29 | 404.31 | OK | |
r-devel-linux-x86_64-debian-gcc | 2.1.2 | 36.06 | 256.41 | 292.47 | OK | |
r-devel-linux-x86_64-fedora-clang | 2.1.2 | 502.83 | NOTE | |||
r-devel-linux-x86_64-fedora-gcc | 2.1.2 | 480.08 | OK | |||
r-devel-windows-x86_64 | 2.1.2 | 36.00 | 294.00 | 330.00 | OK | |
r-patched-linux-x86_64 | 2.1.2 | 44.44 | 331.28 | 375.72 | OK | |
r-release-linux-x86_64 | 2.1.2 | 27.69 | 339.49 | 367.18 | OK | |
r-release-macos-arm64 | 2.1.2 | 118.00 | NOTE | |||
r-release-macos-x86_64 | 2.1.2 | 195.00 | OK | |||
r-release-windows-x86_64 | 2.1.2 | 35.00 | 291.00 | 326.00 | OK | |
r-oldrel-macos-arm64 | 2.1.2 | 138.00 | NOTE | |||
r-oldrel-macos-x86_64 | 2.1.2 | 285.00 | NOTE | |||
r-oldrel-windows-x86_64 | 2.1.2 | 50.00 | 388.00 | 438.00 | OK |
Version: 2.1.2
Check: package dependencies
Result: NOTE
Imports includes 28 non-default packages.
Importing from so many packages makes the package vulnerable to any of
them becoming unavailable. Move as many as possible to Suggests and
use conditionally.
Flavor: r-devel-linux-x86_64-fedora-clang
Version: 2.1.2
Check: package dependencies
Result: NOTE
Packages suggested but not available for checking:
'dittoSeq', 'DropletUtils', 'Nebulosa'
Flavors: r-release-macos-arm64, r-oldrel-macos-arm64, r-oldrel-macos-x86_64
Version: 2.1.2
Check: Rd cross-references
Result: NOTE
Packages unavailable to check Rd xrefs: ‘DropletUtils’, ‘Nebulosa’
Flavors: r-release-macos-arm64, r-oldrel-macos-arm64, r-oldrel-macos-x86_64