Last updated on 2024-07-01 03:49:15 CEST.
Flavor | Version | Tinstall | Tcheck | Ttotal | Status | Flags |
---|---|---|---|---|---|---|
r-devel-linux-x86_64-debian-clang | 1.0.5 | 25.33 | 149.67 | 175.00 | OK | |
r-devel-linux-x86_64-debian-gcc | 1.0.5 | 20.79 | 111.78 | 132.57 | OK | |
r-devel-linux-x86_64-fedora-clang | 1.0.5 | 224.96 | OK | |||
r-devel-linux-x86_64-fedora-gcc | 1.0.5 | 226.43 | OK | |||
r-devel-windows-x86_64 | 1.0.5 | 24.00 | 116.00 | 140.00 | OK | |
r-patched-linux-x86_64 | 1.0.5 | 25.87 | 142.32 | 168.19 | OK | |
r-release-linux-x86_64 | 1.0.5 | 21.96 | 143.27 | 165.23 | OK | |
r-release-macos-arm64 | 1.0.5 | 75.00 | NOTE | |||
r-release-macos-x86_64 | 1.0.5 | 221.00 | NOTE | |||
r-release-windows-x86_64 | 1.0.5 | 24.00 | 114.00 | 138.00 | OK | |
r-oldrel-macos-arm64 | 1.0.5 | 80.00 | NOTE | |||
r-oldrel-macos-x86_64 | 1.0.5 | 155.00 | NOTE | |||
r-oldrel-windows-x86_64 | 1.0.5 | 32.00 | 142.00 | 174.00 | OK |
Version: 1.0.5
Check: installed package size
Result: NOTE
installed size is 5.2Mb
sub-directories of 1Mb or more:
data 2.7Mb
doc 2.3Mb
Flavors: r-release-macos-arm64, r-release-macos-x86_64, r-oldrel-macos-arm64, r-oldrel-macos-x86_64