Last updated on 2024-07-01 03:49:14 CEST.
Flavor | Version | Tinstall | Tcheck | Ttotal | Status | Flags |
---|---|---|---|---|---|---|
r-devel-linux-x86_64-debian-clang | 0.4.9 | 235.01 | 62.67 | 297.68 | NOTE | |
r-devel-linux-x86_64-debian-gcc | 0.4.9 | 164.32 | 49.04 | 213.36 | NOTE | |
r-devel-linux-x86_64-fedora-clang | 0.4.9 | 568.08 | NOTE | |||
r-devel-linux-x86_64-fedora-gcc | 0.4.9 | 477.20 | NOTE | |||
r-devel-windows-x86_64 | 0.4.9 | 219.00 | 112.00 | 331.00 | NOTE | |
r-patched-linux-x86_64 | 0.4.9 | 193.11 | 65.81 | 258.92 | NOTE | |
r-release-linux-x86_64 | 0.4.9 | 195.07 | 67.68 | 262.75 | NOTE | |
r-release-macos-arm64 | 0.4.9 | 118.00 | NOTE | |||
r-release-macos-x86_64 | 0.4.9 | 194.00 | NOTE | |||
r-release-windows-x86_64 | 0.4.9 | 216.00 | 118.00 | 334.00 | NOTE | |
r-oldrel-macos-arm64 | 0.4.9 | 110.00 | NOTE | |||
r-oldrel-macos-x86_64 | 0.4.9 | 340.00 | NOTE | |||
r-oldrel-windows-x86_64 | 0.4.9 | 268.00 | 136.00 | 404.00 | NOTE |
Version: 0.4.9
Check: for GNU extensions in Makefiles
Result: NOTE
GNU make is a SystemRequirements.
Flavors: r-devel-linux-x86_64-debian-clang, r-devel-linux-x86_64-debian-gcc, r-devel-linux-x86_64-fedora-clang, r-devel-linux-x86_64-fedora-gcc, r-devel-windows-x86_64, r-patched-linux-x86_64, r-release-linux-x86_64, r-release-macos-arm64, r-release-macos-x86_64, r-release-windows-x86_64, r-oldrel-macos-arm64, r-oldrel-macos-x86_64, r-oldrel-windows-x86_64
Version: 0.4.9
Check: installed package size
Result: NOTE
installed size is 5.4Mb
sub-directories of 1Mb or more:
doc 1.7Mb
libs 3.2Mb
Flavors: r-devel-linux-x86_64-fedora-clang, r-release-macos-arm64, r-release-macos-x86_64, r-release-windows-x86_64, r-oldrel-macos-arm64, r-oldrel-macos-x86_64, r-oldrel-windows-x86_64