Last updated on 2024-07-01 03:49:14 CEST.
Flavor | Version | Tinstall | Tcheck | Ttotal | Status | Flags |
---|---|---|---|---|---|---|
r-devel-linux-x86_64-debian-clang | 1.0.0 | 45.84 | 204.40 | 250.24 | NOTE | |
r-devel-linux-x86_64-debian-gcc | 1.0.0 | 34.02 | 145.08 | 179.10 | NOTE | |
r-devel-linux-x86_64-fedora-clang | 1.0.0 | 310.25 | NOTE | |||
r-devel-linux-x86_64-fedora-gcc | 1.0.0 | 297.58 | NOTE | |||
r-devel-windows-x86_64 | 1.0.0 | 42.00 | 159.00 | 201.00 | OK | |
r-patched-linux-x86_64 | 1.0.0 | 28.38 | 190.30 | 218.68 | NOTE | |
r-release-linux-x86_64 | 1.0.0 | 29.96 | 189.35 | 219.31 | NOTE | |
r-release-macos-arm64 | 1.0.0 | 66.00 | NOTE | |||
r-release-macos-x86_64 | 1.0.0 | 110.00 | NOTE | |||
r-release-windows-x86_64 | 1.0.0 | 40.00 | 160.00 | 200.00 | OK | |
r-oldrel-macos-arm64 | 1.0.0 | 82.00 | NOTE | |||
r-oldrel-macos-x86_64 | 1.0.0 | 141.00 | NOTE | |||
r-oldrel-windows-x86_64 | 1.0.0 | 53.00 | 205.00 | 258.00 | OK |
Version: 1.0.0
Check: C++ specification
Result: NOTE
Specified C++11: please drop specification unless essential
Flavors: r-devel-linux-x86_64-debian-clang, r-devel-linux-x86_64-debian-gcc, r-devel-linux-x86_64-fedora-clang, r-devel-linux-x86_64-fedora-gcc, r-patched-linux-x86_64, r-release-linux-x86_64, r-release-macos-arm64, r-release-macos-x86_64, r-oldrel-macos-arm64, r-oldrel-macos-x86_64