Last updated on 2024-07-01 03:49:14 CEST.
Flavor | Version | Tinstall | Tcheck | Ttotal | Status | Flags |
---|---|---|---|---|---|---|
r-devel-linux-x86_64-debian-clang | 0.6.15 | 257.61 | 351.66 | 609.27 | OK | |
r-devel-linux-x86_64-debian-gcc | 0.6.15 | 176.17 | 332.71 | 508.88 | OK | |
r-devel-linux-x86_64-fedora-clang | 0.6.15 | 853.20 | OK | |||
r-devel-linux-x86_64-fedora-gcc | 0.6.15 | 833.65 | OK | |||
r-devel-windows-x86_64 | 0.6.15 | 14.00 | 373.00 | 387.00 | NOTE | |
r-patched-linux-x86_64 | 0.6.15 | 209.33 | 363.19 | 572.52 | OK | |
r-release-linux-x86_64 | 0.6.15 | 214.67 | 360.04 | 574.71 | OK | |
r-release-macos-arm64 | 0.6.15 | 390.00 | NOTE | |||
r-release-macos-x86_64 | 0.6.15 | 631.00 | NOTE | |||
r-release-windows-x86_64 | 0.6.15 | 15.00 | 379.00 | 394.00 | NOTE | |
r-oldrel-macos-arm64 | 0.6.15 | 423.00 | NOTE | |||
r-oldrel-macos-x86_64 | 0.6.15 | 496.00 | NOTE | |||
r-oldrel-windows-x86_64 | 0.6.15 | 17.00 | 494.00 | 511.00 | NOTE |
Version: 0.6.15
Check: installed package size
Result: NOTE
installed size is 6.6Mb
sub-directories of 1Mb or more:
bin 5.8Mb
Flavors: r-devel-windows-x86_64, r-release-macos-arm64, r-release-macos-x86_64, r-release-windows-x86_64, r-oldrel-macos-arm64, r-oldrel-macos-x86_64, r-oldrel-windows-x86_64