Last updated on 2024-07-01 03:49:14 CEST.
Flavor | Version | Tinstall | Tcheck | Ttotal | Status | Flags |
---|---|---|---|---|---|---|
r-devel-linux-x86_64-debian-clang | 0.6.1 | 6.42 | 79.23 | 85.65 | OK | |
r-devel-linux-x86_64-debian-gcc | 0.6.1 | 4.90 | 61.46 | 66.36 | OK | |
r-devel-linux-x86_64-fedora-clang | 0.6.1 | 111.41 | NOTE | |||
r-devel-linux-x86_64-fedora-gcc | 0.6.1 | 120.34 | NOTE | |||
r-devel-windows-x86_64 | 0.6.1 | 9.00 | 83.00 | 92.00 | OK | |
r-patched-linux-x86_64 | 0.6.1 | 6.83 | 77.77 | 84.60 | OK | |
r-release-linux-x86_64 | 0.6.1 | 5.46 | 77.48 | 82.94 | OK | |
r-release-macos-arm64 | 0.6.1 | 42.00 | OK | |||
r-release-macos-x86_64 | 0.6.1 | 60.00 | OK | |||
r-release-windows-x86_64 | 0.6.1 | 7.00 | 86.00 | 93.00 | OK | |
r-oldrel-macos-arm64 | 0.6.1 | 43.00 | OK | |||
r-oldrel-macos-x86_64 | 0.6.1 | 64.00 | OK | |||
r-oldrel-windows-x86_64 | 0.6.1 | 9.00 | 97.00 | 106.00 | OK |
Version: 0.6.1
Check: data for non-ASCII characters
Result: NOTE
Note: found 120 marked UTF-8 strings
Flavors: r-devel-linux-x86_64-fedora-clang, r-devel-linux-x86_64-fedora-gcc