Last updated on 2024-07-01 03:49:14 CEST.
Flavor | Version | Tinstall | Tcheck | Ttotal | Status | Flags |
---|---|---|---|---|---|---|
r-devel-linux-x86_64-debian-clang | 0.1.3 | 23.07 | 35.63 | 58.70 | OK | |
r-devel-linux-x86_64-debian-gcc | 0.1.3 | 16.67 | 27.93 | 44.60 | OK | |
r-devel-linux-x86_64-fedora-clang | 0.1.3 | 2.52 | ERROR | |||
r-devel-linux-x86_64-fedora-gcc | 0.1.3 | 2.45 | ERROR | |||
r-devel-windows-x86_64 | 0.1.3 | 20.00 | 66.00 | 86.00 | OK | |
r-patched-linux-x86_64 | 0.1.3 | 17.14 | 34.29 | 51.43 | OK | |
r-release-linux-x86_64 | 0.1.3 | 20.70 | 35.11 | 55.81 | OK | |
r-release-macos-arm64 | 0.1.3 | 32.00 | OK | |||
r-release-macos-x86_64 | 0.1.3 | 44.00 | OK | |||
r-release-windows-x86_64 | 0.1.3 | 19.00 | 65.00 | 84.00 | OK | |
r-oldrel-macos-arm64 | 0.1.3 | 36.00 | OK | |||
r-oldrel-macos-x86_64 | 0.1.3 | 69.00 | OK | |||
r-oldrel-windows-x86_64 | 0.1.3 | 24.00 | 74.00 | 98.00 | OK |
Version: 0.1.3
Check: package dependencies
Result: ERROR
Package required but not available: ‘tok’
See section ‘The DESCRIPTION file’ in the ‘Writing R Extensions’
manual.
Flavors: r-devel-linux-x86_64-fedora-clang, r-devel-linux-x86_64-fedora-gcc