Last updated on 2024-07-01 03:49:14 CEST.
Flavor | Version | Tinstall | Tcheck | Ttotal | Status | Flags |
---|---|---|---|---|---|---|
r-devel-linux-x86_64-debian-clang | 3.6.2 | 7.64 | 84.98 | 92.62 | OK | |
r-devel-linux-x86_64-debian-gcc | 3.6.2 | 7.67 | 62.10 | 69.77 | OK | |
r-devel-linux-x86_64-fedora-clang | 3.6.2 | 124.10 | NOTE | |||
r-devel-linux-x86_64-fedora-gcc | 3.6.2 | 127.99 | OK | |||
r-devel-windows-x86_64 | 3.6.2 | 12.00 | 86.00 | 98.00 | OK | |
r-patched-linux-x86_64 | 3.6.2 | 9.96 | 80.42 | 90.38 | OK | |
r-release-linux-x86_64 | 3.6.2 | 6.32 | 80.72 | 87.04 | OK | |
r-release-macos-arm64 | 3.6.2 | 72.00 | OK | |||
r-release-macos-x86_64 | 3.6.2 | 96.00 | OK | |||
r-release-windows-x86_64 | 3.6.2 | 11.00 | 86.00 | 97.00 | OK | |
r-oldrel-macos-arm64 | 3.6.2 | 67.00 | OK | |||
r-oldrel-macos-x86_64 | 3.6.2 | 82.00 | OK | |||
r-oldrel-windows-x86_64 | 3.6.2 | 12.00 | 97.00 | 109.00 | OK |
Version: 3.6.2
Check: Rd cross-references
Result: NOTE
Undeclared package ‘rym’ in Rd xrefs
Flavor: r-devel-linux-x86_64-fedora-clang