Last updated on 2024-07-01 03:49:14 CEST.
Flavor | Version | Tinstall | Tcheck | Ttotal | Status | Flags |
---|---|---|---|---|---|---|
r-devel-linux-x86_64-debian-clang | 1.1.1 | 10.74 | 69.37 | 80.11 | NOTE | |
r-devel-linux-x86_64-debian-gcc | 1.1.1 | 8.21 | 51.53 | 59.74 | NOTE | |
r-devel-linux-x86_64-fedora-clang | 1.1.1 | 100.25 | NOTE | |||
r-devel-linux-x86_64-fedora-gcc | 1.1.1 | 111.79 | NOTE | |||
r-devel-windows-x86_64 | 1.1.1 | 8.00 | 82.00 | 90.00 | NOTE | |
r-patched-linux-x86_64 | 1.1.1 | 7.49 | 65.84 | 73.33 | NOTE | |
r-release-linux-x86_64 | 1.1.1 | 8.36 | 65.68 | 74.04 | NOTE | |
r-release-macos-arm64 | 1.1.1 | 48.00 | NOTE | |||
r-release-macos-x86_64 | 1.1.1 | 106.00 | NOTE | |||
r-release-windows-x86_64 | 1.1.1 | 8.00 | 87.00 | 95.00 | NOTE | |
r-oldrel-macos-arm64 | 1.1.1 | 58.00 | WARN | |||
r-oldrel-macos-x86_64 | 1.1.1 | 95.00 | WARN | |||
r-oldrel-windows-x86_64 | 1.1.1 | 9.00 | 77.00 | 86.00 | NOTE |
Version: 1.1.1
Check: dependencies in R code
Result: NOTE
'library' or 'require' calls in package code:
‘nimble’ ‘nimbleAPT’
Please use :: or requireNamespace() instead.
See section 'Suggested packages' in the 'Writing R Extensions' manual.
Flavors: r-devel-linux-x86_64-debian-clang, r-devel-linux-x86_64-debian-gcc, r-devel-linux-x86_64-fedora-clang, r-devel-linux-x86_64-fedora-gcc, r-devel-windows-x86_64, r-patched-linux-x86_64, r-release-linux-x86_64, r-release-macos-arm64, r-release-macos-x86_64, r-release-windows-x86_64, r-oldrel-macos-arm64, r-oldrel-macos-x86_64, r-oldrel-windows-x86_64
Version: 1.1.1
Check: DESCRIPTION meta-information
Result: WARN
Non-standard license specification:
CECILL-2.1
Standardizable: FALSE
Flavors: r-oldrel-macos-arm64, r-oldrel-macos-x86_64