Last updated on 2024-07-01 03:49:14 CEST.
Flavor | Version | Tinstall | Tcheck | Ttotal | Status | Flags |
---|---|---|---|---|---|---|
r-devel-linux-x86_64-debian-clang | 1.5-1 | 106.05 | 392.05 | 498.10 | OK | |
r-devel-linux-x86_64-debian-gcc | 1.5-1 | 84.23 | 268.85 | 353.08 | OK | |
r-devel-linux-x86_64-fedora-clang | 1.5-1 | 646.46 | NOTE | |||
r-devel-linux-x86_64-fedora-gcc | 1.5-1 | 616.70 | OK | |||
r-devel-windows-x86_64 | 1.5-1 | 85.00 | 270.00 | 355.00 | NOTE | |
r-patched-linux-x86_64 | 1.5-1 | 107.78 | 357.95 | 465.73 | OK | |
r-release-linux-x86_64 | 1.5-1 | 98.76 | 344.83 | 443.59 | OK | |
r-release-macos-arm64 | 1.5-1 | 130.00 | NOTE | |||
r-release-macos-x86_64 | 1.5-1 | 255.00 | NOTE | |||
r-release-windows-x86_64 | 1.5-1 | 88.00 | 272.00 | 360.00 | NOTE | |
r-oldrel-macos-arm64 | 1.5-1 | 132.00 | NOTE | |||
r-oldrel-macos-x86_64 | 1.5-1 | 370.00 | NOTE | |||
r-oldrel-windows-x86_64 | 1.5-1 | 117.00 | 339.00 | 456.00 | NOTE |
Version: 1.5-1
Check: installed package size
Result: NOTE
installed size is 7.5Mb
sub-directories of 1Mb or more:
R 3.0Mb
libs 2.1Mb
Flavors: r-devel-linux-x86_64-fedora-clang, r-devel-windows-x86_64, r-release-macos-arm64, r-release-macos-x86_64, r-release-windows-x86_64, r-oldrel-macos-arm64, r-oldrel-macos-x86_64, r-oldrel-windows-x86_64