Last updated on 2024-07-01 03:49:14 CEST.
Flavor | Version | Tinstall | Tcheck | Ttotal | Status | Flags |
---|---|---|---|---|---|---|
r-devel-linux-x86_64-debian-clang | 0.4.0 | 8.48 | 57.59 | 66.07 | OK | |
r-devel-linux-x86_64-debian-gcc | 0.5.0 | 3.59 | 42.53 | 46.12 | OK | |
r-devel-linux-x86_64-fedora-clang | 0.5.0 | 87.01 | NOTE | |||
r-devel-linux-x86_64-fedora-gcc | 0.4.0 | 88.59 | NOTE | |||
r-devel-windows-x86_64 | 0.4.0 | 9.00 | 66.00 | 75.00 | OK | |
r-patched-linux-x86_64 | 0.4.0 | 7.20 | 53.04 | 60.24 | OK | |
r-release-linux-x86_64 | 0.5.0 | 4.43 | 52.77 | 57.20 | OK | |
r-release-macos-arm64 | 0.5.0 | 40.00 | OK | |||
r-release-macos-x86_64 | 0.5.0 | 67.00 | OK | |||
r-release-windows-x86_64 | 0.5.0 | 8.00 | 68.00 | 76.00 | OK | |
r-oldrel-macos-arm64 | 0.5.0 | 40.00 | OK | |||
r-oldrel-macos-x86_64 | 0.5.0 | 65.00 | OK | |||
r-oldrel-windows-x86_64 | 0.5.0 | 11.00 | 76.00 | 87.00 | OK |
Version: 0.5.0
Check: data for non-ASCII characters
Result: NOTE
Note: found 37 marked UTF-8 strings
Flavor: r-devel-linux-x86_64-fedora-clang
Version: 0.4.0
Check: data for non-ASCII characters
Result: NOTE
Note: found 37 marked UTF-8 strings
Flavor: r-devel-linux-x86_64-fedora-gcc