Last updated on 2024-07-01 03:49:14 CEST.
Flavor | Version | Tinstall | Tcheck | Ttotal | Status | Flags |
---|---|---|---|---|---|---|
r-devel-linux-x86_64-debian-clang | 2.0-1 | 88.10 | 135.51 | 223.61 | OK | |
r-devel-linux-x86_64-debian-gcc | 2.0-1 | 61.75 | 92.64 | 154.39 | OK | |
r-devel-linux-x86_64-fedora-clang | 2.0-1 | 318.80 | OK | |||
r-devel-linux-x86_64-fedora-gcc | 2.0-1 | 307.68 | OK | |||
r-devel-windows-x86_64 | 2.0-1 | 88.00 | 139.00 | 227.00 | OK | |
r-patched-linux-x86_64 | 2.0-1 | 73.40 | 123.40 | 196.80 | OK | |
r-release-linux-x86_64 | 2.0-1 | 74.53 | 123.38 | 197.91 | OK | |
r-release-macos-arm64 | 2.0-1 | 72.00 | NOTE | |||
r-release-macos-x86_64 | 2.0-1 | 98.00 | NOTE | |||
r-release-windows-x86_64 | 2.0-1 | 85.00 | 136.00 | 221.00 | OK | |
r-oldrel-macos-arm64 | 2.0-1 | 92.00 | NOTE | |||
r-oldrel-macos-x86_64 | 2.0-1 | 165.00 | NOTE | |||
r-oldrel-windows-x86_64 | 2.0-1 | 97.00 | 169.00 | 266.00 | OK |
Version: 2.0-1
Check: installed package size
Result: NOTE
installed size is 7.6Mb
sub-directories of 1Mb or more:
libs 6.7Mb
Flavors: r-release-macos-arm64, r-release-macos-x86_64, r-oldrel-macos-arm64, r-oldrel-macos-x86_64