Last updated on 2024-07-01 03:49:14 CEST.
Flavor | Version | Tinstall | Tcheck | Ttotal | Status | Flags |
---|---|---|---|---|---|---|
r-devel-linux-x86_64-debian-clang | 0.2.6.1 | 59.32 | 36.86 | 96.18 | NOTE | |
r-devel-linux-x86_64-debian-gcc | 0.2.6.1 | 49.44 | 28.55 | 77.99 | NOTE | |
r-devel-linux-x86_64-fedora-clang | 0.2.6.1 | 134.42 | NOTE | |||
r-devel-linux-x86_64-fedora-gcc | 0.2.6.1 | 152.76 | NOTE | |||
r-devel-windows-x86_64 | 0.2.6.1 | 47.00 | 80.00 | 127.00 | NOTE | |
r-patched-linux-x86_64 | 0.2.6.1 | 64.17 | 35.84 | 100.01 | NOTE | |
r-release-linux-x86_64 | 0.2.6.1 | 60.71 | 35.09 | 95.80 | NOTE | |
r-release-macos-arm64 | 0.2.6.1 | 38.00 | NOTE | |||
r-release-macos-x86_64 | 0.2.6.1 | 43.00 | NOTE | |||
r-release-windows-x86_64 | 0.2.6.1 | 48.00 | 80.00 | 128.00 | NOTE | |
r-oldrel-macos-arm64 | 0.2.6.1 | 42.00 | NOTE | |||
r-oldrel-macos-x86_64 | 0.2.6.1 | 68.00 | NOTE | |||
r-oldrel-windows-x86_64 | 0.2.6.1 | 52.00 | 88.00 | 140.00 | NOTE |
Version: 0.2.6.1
Check: C++ specification
Result: NOTE
Specified C++11: please drop specification unless essential
Flavors: r-devel-linux-x86_64-debian-clang, r-devel-linux-x86_64-debian-gcc, r-devel-linux-x86_64-fedora-clang, r-devel-linux-x86_64-fedora-gcc, r-devel-windows-x86_64, r-patched-linux-x86_64, r-release-linux-x86_64, r-release-macos-arm64, r-release-macos-x86_64, r-release-windows-x86_64, r-oldrel-macos-arm64, r-oldrel-macos-x86_64, r-oldrel-windows-x86_64
Version: 0.2.6.1
Check: installed package size
Result: NOTE
installed size is 7.2Mb
sub-directories of 1Mb or more:
libs 7.1Mb
Flavors: r-release-macos-arm64, r-release-macos-x86_64, r-oldrel-macos-arm64, r-oldrel-macos-x86_64