Last updated on 2024-07-01 03:49:14 CEST.
Flavor | Version | Tinstall | Tcheck | Ttotal | Status | Flags |
---|---|---|---|---|---|---|
r-devel-linux-x86_64-debian-clang | 0.0.1 | 4.76 | 63.21 | 67.97 | OK | |
r-devel-linux-x86_64-debian-gcc | 0.0.1 | 4.09 | 47.84 | 51.93 | OK | |
r-devel-linux-x86_64-fedora-clang | 0.0.1 | 89.13 | OK | |||
r-devel-linux-x86_64-fedora-gcc | 0.0.1 | 88.14 | OK | |||
r-devel-windows-x86_64 | 0.0.1 | 6.00 | 70.00 | 76.00 | OK | |
r-patched-linux-x86_64 | 0.0.1 | 5.79 | 49.33 | 55.12 | ERROR | |
r-release-linux-x86_64 | 0.0.1 | 3.88 | 60.05 | 63.93 | OK | |
r-release-macos-arm64 | 0.0.1 | 34.00 | OK | |||
r-release-macos-x86_64 | 0.0.1 | 86.00 | OK | |||
r-release-windows-x86_64 | 0.0.1 | 6.00 | 71.00 | 77.00 | OK | |
r-oldrel-macos-arm64 | 0.0.1 | 42.00 | OK | |||
r-oldrel-macos-x86_64 | 0.0.1 | 77.00 | OK | |||
r-oldrel-windows-x86_64 | 0.0.1 | 7.00 | 79.00 | 86.00 | OK |
Version: 0.0.1
Check: package dependencies
Result: NOTE
Package suggested but not available for checking: ‘survstan’
Flavor: r-patched-linux-x86_64
Version: 0.0.1
Check: re-building of vignette outputs
Result: ERROR
Error(s) in re-building vignettes:
...
--- re-building ‘rsurv.Rmd’ using rmarkdown
Quitting from lines 23-53 [example] (rsurv.Rmd)
Error: processing vignette 'rsurv.Rmd' failed with diagnostics:
there is no package called 'survstan'
--- failed re-building ‘rsurv.Rmd’
SUMMARY: processing the following file failed:
‘rsurv.Rmd’
Error: Vignette re-building failed.
Execution halted
Flavor: r-patched-linux-x86_64